000
CDUS43 KIND 250531
CLILAF


CLIMATE REPORT
NATIONAL WEATHER SERVICE INDIANAPOLIS IN
131 AM EDT FRI MAY 25 2018


...................................

...THE LAFAYETTE IN CLIMATE SUMMARY FOR MAY 24 2018...

CLIMATE NORMAL PERIOD 1981 TO 2010
CLIMATE RECORD PERIOD 9999 TO 9999


WEATHER ITEM   OBSERVED TIME   NORMAL DEPARTURE LAST
                VALUE   (LST)  VALUE  FROM      YEAR
                                      NORMAL
......................................................
TEMPERATURE (F)
 YESTERDAY
  MAXIMUM         85    454 PM  76      9       62
  MINIMUM         54    520 AM  53      1       53
  AVERAGE         70            65      5       58

PRECIPITATION (IN)
  YESTERDAY        0.00          0.14  -0.14     0.12
  MONTH TO DATE    2.13          3.21  -1.08     6.73
  SINCE MAR 1      8.13          9.42  -1.29    15.00
  SINCE JAN 1     14.31         13.04   1.27    19.90

DEGREE DAYS
 HEATING
  YESTERDAY        0             3     -3        7
  MONTH TO DATE   15           141   -126      195
  SINCE MAR 1   1520          1297    223     1200
  SINCE JUL 1   5946          5631    315     4888

 COOLING
  YESTERDAY        5             3      2        0
  MONTH TO DATE   68            41     27       36
  SINCE MAR 1     70            54     16       50
  SINCE JAN 1     70            54     16       50
......................................................


WIND (MPH)
  HIGHEST WIND SPEED    10   HIGHEST WIND DIRECTION     E (100)
  HIGHEST GUST SPEED    13   HIGHEST GUST DIRECTION    SE (130)
  AVERAGE WIND SPEED     2.2


SKY COVER
  AVERAGE SKY COVER 0.0


WEATHER CONDITIONS
 THE FOLLOWING WEATHER WAS RECORDED YESTERDAY.
  NO SIGNIFICANT WEATHER WAS OBSERVED.


RELATIVE HUMIDITY (PERCENT)
 HIGHEST   100           500 AM
 LOWEST     27           400 PM
 AVERAGE    64

..........................................................


THE LAFAYETTE IN CLIMATE NORMALS FOR TODAY
                         NORMAL
 MAXIMUM TEMPERATURE (F)   76
 MINIMUM TEMPERATURE (F)   54


SUNRISE AND SUNSET
MAY 25 2018...........SUNRISE   623 AM EDT   SUNSET   906 PM EDT
MAY 26 2018...........SUNRISE   623 AM EDT   SUNSET   907 PM EDT


-  INDICATES NEGATIVE NUMBERS.
R  INDICATES RECORD WAS SET OR TIED.
MM INDICATES DATA IS MISSING.
T  INDICATES TRACE AMOUNT.




$$
