975
CDUS46 KLOX 231000
CLILAX


CLIMATE REPORT
NATIONAL WEATHER SERVICE LOS ANGELES/OXNARD CA
300 AM PDT MON APR 23 2018


...................................

...THE LOS ANGELES INTL AIRPORT CA CLIMATE SUMMARY FOR APRIL 22 2018...

CLIMATE NORMAL PERIOD 1981 TO 2010
CLIMATE RECORD PERIOD 1944 TO 2018


WEATHER ITEM   OBSERVED TIME   RECORD YEAR NORMAL DEPARTURE LAST
                VALUE   (LST)  VALUE       VALUE  FROM      YEAR
                                                  NORMAL
..................................................................
TEMPERATURE (F)
 YESTERDAY
  MAXIMUM         73    113 PM  90    1987  67      6       79
  MINIMUM         56    540 AM  45    1971  55      1       60
                                      1963
  AVERAGE         65                        61      4       70

PRECIPITATION (IN)
  YESTERDAY        0.00          0.52 1955   0.02  -0.02     0.00
  MONTH TO DATE    0.05                      0.57  -0.52     0.38
  SINCE OCT 1      3.73                     12.10  -8.37    16.19
  SINCE JAN 1      3.62                      8.38  -4.76    11.94

SNOWFALL (IN)
  YESTERDAY        0.0
  MONTH TO DATE    0.0
  SINCE MAR 1      0.0
  SINCE JUL 1      0.0

DEGREE DAYS
 HEATING
  YESTERDAY        0                         5     -5        0
  MONTH TO DATE   66                       123    -57       64
  SINCE MAR 1    255                       344    -89      176
  SINCE JUL 1    704                      1273   -569      949

 COOLING
  YESTERDAY        0                         1     -1        5
  MONTH TO DATE   19                         1     18       12
  SINCE MAR 1     19                         7     12       14
  SINCE JAN 1     50                        16     34       14
..................................................................


WIND (MPH)
  HIGHEST WIND SPEED    15   HIGHEST WIND DIRECTION     W (270)
  HIGHEST GUST SPEED    19   HIGHEST GUST DIRECTION    SW (220)
  AVERAGE WIND SPEED     6.4


SKY COVER
  POSSIBLE SUNSHINE  MM
  AVERAGE SKY COVER 0.3


WEATHER CONDITIONS
 THE FOLLOWING WEATHER WAS RECORDED YESTERDAY.
  FOG


RELATIVE HUMIDITY (PERCENT)
 HIGHEST    93          1100 PM
 LOWEST     49           100 PM
 AVERAGE    71

..........................................................


THE LOS ANGELES INTL AIRPORT CA CLIMATE NORMALS FOR TODAY
                         NORMAL    RECORD    YEAR
 MAXIMUM TEMPERATURE (F)   67        87      2004
 MINIMUM TEMPERATURE (F)   55        46      2010


SUNRISE AND SUNSET
APRIL 23 2018.........SUNRISE   613 AM PDT   SUNSET   731 PM PDT
APRIL 24 2018.........SUNRISE   612 AM PDT   SUNSET   732 PM PDT


-  INDICATES NEGATIVE NUMBERS.
R  INDICATES RECORD WAS SET OR TIED.
MM INDICATES DATA IS MISSING.
T  INDICATES TRACE AMOUNT.




$$
