000
CDUS42 KILM 262052
CLILBT


CLIMATE REPORT
NATIONAL WEATHER SERVICE WILMINGTON NC
452 PM EDT THU APR 26 2018


...................................

...THE LUMBERTON NORTH CAROLINA CLIMATE SUMMARY FOR APRIL 26 2018...
VALID TODAY AS OF 0400 PM LOCAL TIME.

CLIMATE NORMAL PERIOD 1981 TO 2010
CLIMATE RECORD PERIOD 1903 TO 2018


WEATHER ITEM   OBSERVED TIME   RECORD YEAR NORMAL DEPARTURE LAST
                VALUE   (LST)  VALUE       VALUE  FROM      YEAR
                                                  NORMAL
..................................................................
TEMPERATURE (F)
 TODAY
  MAXIMUM         77    153 PM  94    1925  77      0       82
  MINIMUM         52    206 AM  34    1981  51      1       56
                                      1910
  AVERAGE         65                        64      1       69

PRECIPITATION (IN)
  TODAY            0.00          1.56 1978   0.08  -0.08     0.00
  MONTH TO DATE    3.29                      2.52   0.77     6.07
  SINCE MAR 1      5.61                      5.85  -0.24     9.97
  SINCE JAN 1      8.62                     11.72  -3.10    13.46

SNOWFALL (IN)
  TODAY           MM            MM      MM
  MONTH TO DATE   MM
  SINCE MAR 1     MM
  SINCE JUL 1     MM
  SNOW DEPTH      MM

DEGREE DAYS
 HEATING
  TODAY            0                         3     -3        0
  MONTH TO DATE  174                       141     33       53
  SINCE MAR 1    636                       487    149      418
  SINCE JUL 1   2724                      2717      7     2065

 COOLING
  TODAY            0                         2     -2        4
  MONTH TO DATE   29                        44    -15       74
  SINCE MAR 1     34                        54    -20      101
  SINCE JAN 1     79                        57     22      111
..................................................................


WIND (MPH)
  RESULTANT WIND SPEED   2   RESULTANT WIND DIRECTION   E (80)
  HIGHEST WIND SPEED    12   HIGHEST WIND DIRECTION    NE (50)
  HIGHEST GUST SPEED    16   HIGHEST GUST DIRECTION    NE (50)
  AVERAGE WIND SPEED     2.9


SKY COVER
  POSSIBLE SUNSHINE  MM
  AVERAGE SKY COVER 0.6


WEATHER CONDITIONS
 THE FOLLOWING WEATHER WAS RECORDED TODAY.
  FOG


RELATIVE HUMIDITY (PERCENT)
 HIGHEST   100          1200 AM
 LOWEST     54          1200 PM
 AVERAGE    77

..........................................................


THE LUMBERTON NORTH CAROLINA CLIMATE NORMALS FOR TOMORROW
                         NORMAL    RECORD    YEAR
 MAXIMUM TEMPERATURE (F)   78        94      1985
 MINIMUM TEMPERATURE (F)   52        31      1972


SUNRISE AND SUNSET
APRIL 26 2018.........SUNRISE   632 AM EDT   SUNSET   757 PM EDT
APRIL 27 2018.........SUNRISE   630 AM EDT   SUNSET   758 PM EDT


-  INDICATES NEGATIVE NUMBERS.
R  INDICATES RECORD WAS SET OR TIED.
MM INDICATES DATA IS MISSING.
T  INDICATES TRACE AMOUNT.




$$
