000
CDUS44 KLCH 250850
CLILFT


CLIMATE REPORT
NATIONAL WEATHER SERVICE LAKE CHARLES, LA
350 AM CDT FRI MAY 25 2018


...................................

...THE LAFAYETTE CLIMATE SUMMARY FOR MAY 24 2018...

CLIMATE NORMAL PERIOD 1981 TO 2010
CLIMATE RECORD PERIOD 1893 TO 2018


WEATHER ITEM   OBSERVED TIME   RECORD YEAR NORMAL DEPARTURE LAST
                VALUE   (LST)  VALUE       VALUE  FROM      YEAR
                                                  NORMAL
..................................................................
TEMPERATURE (F)
 YESTERDAY
  MAXIMUM         89    111 PM  97    1896  88      1       78
  MINIMUM         71    436 AM  53    1931  69      2       59
  AVERAGE         80                        78      2       69

PRECIPITATION (IN)
  YESTERDAY        0.07          3.32 1968   0.18  -0.11      T
  MONTH TO DATE    0.29                      3.57  -3.28     7.42
  SINCE MAR 1      7.32                     11.29  -3.97    14.73
  SINCE JAN 1     14.05                     21.41  -7.36    18.25

DEGREE DAYS
 COOLING
  YESTERDAY       15                        13      2        4
  MONTH TO DATE  351                       261     90      208
  SINCE MAR 1    512                       483     29      654
  SINCE JAN 1    632                       515    117      838
..................................................................


WIND (MPH)
  HIGHEST WIND SPEED    13   HIGHEST WIND DIRECTION    SW (210)
  HIGHEST GUST SPEED    15   HIGHEST GUST DIRECTION     S (160)
  AVERAGE WIND SPEED     3.6


SKY COVER
  POSSIBLE SUNSHINE  MM
  AVERAGE SKY COVER 0.3


WEATHER CONDITIONS
 THE FOLLOWING WEATHER WAS RECORDED YESTERDAY.
  RAIN
  LIGHT RAIN
  FOG


RELATIVE HUMIDITY (PERCENT)
 HIGHEST    94           800 AM
 LOWEST     55           200 PM
 AVERAGE    75

..........................................................


THE LAFAYETTE CLIMATE NORMALS FOR TODAY
                         NORMAL    RECORD    YEAR
 MAXIMUM TEMPERATURE (F)   88        95      2010
                                             1941
                                             1893
 MINIMUM TEMPERATURE (F)   69        52      1940


SUNRISE AND SUNSET
MAY 25 2018...........SUNRISE   609 AM CDT   SUNSET   801 PM CDT
MAY 26 2018...........SUNRISE   609 AM CDT   SUNSET   802 PM CDT


-  INDICATES NEGATIVE NUMBERS.
R  INDICATES RECORD WAS SET OR TIED.
MM INDICATES DATA IS MISSING.
T  INDICATES TRACE AMOUNT.




$$
