000
CDUS44 KCRP 260651
CLILRD

CLIMATE REPORT
NATIONAL WEATHER SERVICE CORPUS CHRISTI TX
151 AM CDT THU APR 26 2018


...THE LAREDO CLIMATE SUMMARY FOR APRIL 25 2018...

CLIMATE NORMAL PERIOD 1981 TO 2010
CLIMATE RECORD PERIOD 1900 TO 2018


WEATHER ITEM   OBSERVED TIME   RECORD YEAR NORMAL DEPARTURE LAST
                VALUE   (LST)  VALUE       VALUE  FROM      YEAR
                                                  NORMAL
..................................................................
TEMPERATURE (F)
 YESTERDAY
  MAXIMUM         84        MM 107    2011  90     -6      102
  MINIMUM         64        MM  42    1913  67     -3       67
  AVERAGE         74                        78     -4       85

PRECIPITATION (IN)
  YESTERDAY        0.36          2.65 1949   0.06   0.30     0.00
  MONTH TO DATE    0.52                      1.11  -0.59     1.48
  SINCE MAR 1      2.17                      2.23  -0.06     3.82
  SINCE JAN 1      2.46                      4.07  -1.61     4.79

SNOWFALL (IN)
  YESTERDAY        0.0
  MONTH TO DATE    0.0
  SINCE MAR 1      0.0
  SINCE JUL 1      1.3

DEGREE DAYS
 HEATING
  YESTERDAY        0                         0      0        0
  MONTH TO DATE    2                        12    -10        0
  SINCE MAR 1      9                        81    -72       16
  SINCE JUL 1    845                       925    -80      396

 COOLING
  YESTERDAY        9                        13     -4       20
  MONTH TO DATE  263                       273    -10      307
  SINCE MAR 1    540                       446     94      583
  SINCE JAN 1    674                       531    143      889
..................................................................


WIND (MPH)
  HIGHEST WIND SPEED    MM   HIGHEST WIND DIRECTION    MM
  HIGHEST GUST SPEED    MM   HIGHEST GUST DIRECTION    MM
  AVERAGE WIND SPEED     9.9


SKY COVER
  POSSIBLE SUNSHINE  MM
  AVERAGE SKY COVER 0.5


WEATHER CONDITIONS
 THE FOLLOWING WEATHER WAS RECORDED YESTERDAY.
  THUNDERSTORM
  RAIN
  LIGHT RAIN


RELATIVE HUMIDITY (PERCENT)
 HIGHEST    87           800 PM
 LOWEST     53          1200 AM

..........................................................


THE LAREDO CLIMATE NORMALS FOR TODAY
                         NORMAL    RECORD    YEAR
 MAXIMUM TEMPERATURE (F)   90       111      2011
 MINIMUM TEMPERATURE (F)   67        49      1916


SUNRISE AND SUNSET
APRIL 26 2018.........SUNRISE   703 AM CDT   SUNSET   809 PM CDT
APRIL 27 2018.........SUNRISE   702 AM CDT   SUNSET   809 PM CDT


-  INDICATES NEGATIVE NUMBERS.
R  INDICATES RECORD WAS SET OR TIED.
MM INDICATES DATA IS MISSING.
T  INDICATES TRACE AMOUNT.

$$

TMT
