000
CDUS45 KBYZ 200721
CLILVM


CLIMATE REPORT
NATIONAL WEATHER SERVICE BILLINGS MT
121 AM MDT FRI APR 20 2018


...................................

...THE LIVINGSTON MT CLIMATE SUMMARY FOR APRIL 19 2018...

CLIMATE NORMAL PERIOD 1981 TO 2010
CLIMATE RECORD PERIOD 1948 TO 2018


WEATHER ITEM   OBSERVED TIME   RECORD YEAR NORMAL DEPARTURE LAST
                VALUE   (LST)  VALUE       VALUE  FROM      YEAR
                                                  NORMAL
..................................................................
TEMPERATURE (F)
 YESTERDAY
  MAXIMUM         59    505 PM  86    1962  56      3       58
  MINIMUM         28    536 AM  12    1972  30     -2       28
  AVERAGE         44                        43      1       43

PRECIPITATION (IN)
  YESTERDAY        0.00          0.64 1987   0.06  -0.06     0.11
  MONTH TO DATE    1.55                      1.02   0.53     0.72
  SINCE OCT 1      6.83                      5.22   1.61     7.18
  SINCE JAN 1      3.79                      2.85   0.94     3.25

DEGREE DAYS
 HEATING
  YESTERDAY       21                        22     -1       22
  MONTH TO DATE  566                       463    103      391
  SINCE MAR 1   1473                      1374     99     1110
  SINCE JUL 1   6793                      6722     71     6336

 COOLING
  YESTERDAY        0                         0      0        0
  MONTH TO DATE    0                         0      0        0
  SINCE MAR 1      0                         0      0        0
  SINCE JAN 1      0                         0      0        0
..................................................................


WIND (MPH)
  HIGHEST WIND SPEED    23   HIGHEST WIND DIRECTION     E (70)
  HIGHEST GUST SPEED    29   HIGHEST GUST DIRECTION     E (70)
  AVERAGE WIND SPEED     9.8


SKY COVER
  POSSIBLE SUNSHINE  MM
  AVERAGE SKY COVER 0.2


WEATHER CONDITIONS
 THE FOLLOWING WEATHER WAS RECORDED YESTERDAY.
  NO SIGNIFICANT WEATHER WAS OBSERVED.


RELATIVE HUMIDITY (PERCENT)
 HIGHEST    85           500 AM
 LOWEST     28           500 PM
 AVERAGE    57

..........................................................


THE LIVINGSTON MT CLIMATE NORMALS FOR TODAY
                         NORMAL    RECORD    YEAR
 MAXIMUM TEMPERATURE (F)   56        82      1980
 MINIMUM TEMPERATURE (F)   30        11      2008


SUNRISE AND SUNSET
APRIL 20 2018.........SUNRISE   627 AM MDT   SUNSET   815 PM MDT
APRIL 21 2018.........SUNRISE   625 AM MDT   SUNSET   816 PM MDT


-  INDICATES NEGATIVE NUMBERS.
R  INDICATES RECORD WAS SET OR TIED.
MM INDICATES DATA IS MISSING.
T  INDICATES TRACE AMOUNT.




$$
