000
CDUS42 KTAE 240637
CLIMAI


CLIMATE REPORT
NATIONAL WEATHER SERVICE TALLAHASSEE FL
236 AM EDT THU MAY 24 2018


...................................

...THE MARIANNA CLIMATE SUMMARY FOR MAY 23 2018...

CLIMATE NORMAL PERIOD 1981 TO 2010
CLIMATE RECORD PERIOD 1950 TO 2018


WEATHER ITEM   OBSERVED NORMAL DEPARTURE LAST
                VALUE   VALUE  FROM      YEAR
                               NORMAL
...............................................
TEMPERATURE (F)
 YESTERDAY
  MAXIMUM         89     88      1       84
  MINIMUM         71     66      5       73
  AVERAGE         80     77      3       79

PRECIPITATION (IN)
  YESTERDAY        0.02   0.11  -0.09     0.53
  MONTH TO DATE    1.01   1.94  -0.93     3.71
  SINCE MAR 1      7.26  11.19  -3.93     7.83
  SINCE JAN 1     21.40  21.17   0.23    18.23

DEGREE DAYS
 HEATING
  YESTERDAY        0             0
  MONTH TO DATE    0             0
  SINCE MAR 1    226           -15
  SINCE JUL 1   1365          -281

 COOLING
  YESTERDAY       15             3
  MONTH TO DATE  283            73
  SINCE MAR 1    405            52
  SINCE JAN 1    513           145
...............................................


WIND (MPH)
  HIGHEST WIND SPEED    21   HIGHEST WIND DIRECTION     N (350)
  HIGHEST GUST SPEED    26   HIGHEST GUST DIRECTION     N (360)
  AVERAGE WIND SPEED     4.3




RELATIVE HUMIDITY (PERCENT)
 HIGHEST   100
 LOWEST     59
 AVERAGE    80

..........................................................




SUNRISE AND SUNSET
MAY 24 2018...........SUNRISE   541 AM CDT   SUNSET   735 PM CDT
MAY 25 2018...........SUNRISE   540 AM CDT   SUNSET   735 PM CDT


-  INDICATES NEGATIVE NUMBERS.
R  INDICATES RECORD WAS SET OR TIED.
MM INDICATES DATA IS MISSING.
T  INDICATES TRACE AMOUNT.




$$
