000
CDAK49 PAFG 240954
CLIMCG

CLIMATE REPORT
NATIONAL WEATHER SERVICE FAIRBANKS AK
154 AM AKDT THU MAY 24 2018


...................................

...THE MCGRATH AK CLIMATE SUMMARY FOR MAY 23 2018...

CLIMATE NORMAL PERIOD 1981 TO 2010
CLIMATE RECORD PERIOD 1946 TO 2018


WEATHER ITEM   OBSERVED TIME   RECORD YEAR NORMAL DEPARTURE LAST
                VALUE   (LST)  VALUE       VALUE  FROM      YEAR
                                                  NORMAL
..................................................................
TEMPERATURE (F)
 YESTERDAY
  MAXIMUM         67    519 PM  71    2009  60      7       52
                                      1974
                                      1942
  MINIMUM         47    401 AM  25    1964  39      8       40
  AVERAGE         57                        50      7       46

PRECIPITATION (IN)
  YESTERDAY        0.18          0.64 1976   0.04   0.14     0.04
  MONTH TO DATE    0.57                      0.77  -0.20     0.26
  SINCE MAR 1      3.17                      2.32   0.85     0.64
  SINCE JAN 1      4.85                      4.35   0.50     1.84

SNOWFALL (IN)
  YESTERDAY        0.0           0.1  1989   0.0    0.0      0.0
  MONTH TO DATE    T                         0.8   -0.8      0.0
  SINCE MAR 1     21.0                      17.2    3.8      2.6
  SINCE JUL 1     83.5                      97.2  -13.7     51.3
  SNOW DEPTH       0

DEGREE DAYS
 HEATING
  YESTERDAY        8                        15     -7       19
  MONTH TO DATE  447                       456     -9      350
  SINCE MAR 1   2842                      3170   -328     3123
  SINCE JUL 1  11344                     13402  -2058    12881

 COOLING
  YESTERDAY        0                         0      0        0
  MONTH TO DATE    0                         0      0        0
  SINCE MAR 1      0                         0      0        0
  SINCE JAN 1      0                         0      0        0
..................................................................


WIND (MPH)
  HIGHEST GUST SPEED    25   HIGHEST GUST DIRECTION    NE (50)


SKY COVER
  AVERAGE SKY COVER 0.8


WEATHER CONDITIONS
 THE FOLLOWING WEATHER WAS RECORDED YESTERDAY.
  RAIN
  LIGHT RAIN
  FOG


RELATIVE HUMIDITY (PERCENT)
 HIGHEST    93
 LOWEST     29
 AVERAGE    61

..........................................................


THE MCGRATH AK CLIMATE NORMALS FOR TODAY
                         NORMAL    RECORD    YEAR
 MAXIMUM TEMPERATURE (F)   61        79      2002
 MINIMUM TEMPERATURE (F)   39        30      1989


SUNRISE AND SUNSET
MAY 24 2018...........SUNRISE   455 AM AKDT  SUNSET  1147 PM AKDT
MAY 25 2018...........SUNRISE   453 AM AKDT  SUNSET  1149 PM AKDT

-  INDICATES NEGATIVE NUMBERS.
R  INDICATES RECORD WAS SET OR TIED.
MM INDICATES DATA IS MISSING.
T  INDICATES TRACE AMOUNT.

&&

SNOW DEPTH IS MEASURED AT 3AM AKST/4AM AKDT.

----------------------------
AVAILABLE DAYLIGHT

AMOUNT OF DAYLIGHT TODAY  (HOUR:MIN)........18:51
GAIN/LOSS SINCE YESTERDAY (HOUR:MIN:SEC)....+0:05:17

$$
THR MAY 18
