000
CDUS43 KGLD 220057 RRA
CLIMCK

CLIMATE REPORT
NATIONAL WEATHER SERVICE GOODLAND
650 PM MDT MON MAY 21 2018


...................................

...THE MCCOOK NE CLIMATE SUMMARY FOR MAY 21 2018...
VALID TODAY AS OF 0600 PM LOCAL TIME.

CLIMATE NORMAL PERIOD 1981 TO 2010
CLIMATE RECORD PERIOD 1896 TO 2018


WEATHER ITEM   OBSERVED TIME   RECORD YEAR NORMAL DEPARTURE LAST
                VALUE   (LST)  VALUE       VALUE  FROM      YEAR
                                                  NORMAL
..................................................................
TEMPERATURE (F)
 TODAY
  MAXIMUM         79    459 PM  97    1970  75      4       74
  MINIMUM         43    545 AM  30    1915  48     -5       36
  AVERAGE         61                        61      0       55

PRECIPITATION (IN)
  TODAY            0.00                      0.11  -0.11     0.00
  MONTH TO DATE    1.71                      2.02  -0.31     2.83
  SINCE MAR 1      3.25                      5.69  -2.44     6.61
  SINCE JAN 1      4.76                      6.82  -2.06     7.31

..................................................................

THE MCCOOK NE CLIMATE NORMALS FOR TOMORROW
                         NORMAL    RECORD    YEAR
 MAXIMUM TEMPERATURE (F)   75        97      1964
 MINIMUM TEMPERATURE (F)   48        30      1931



-  INDICATES NEGATIVE NUMBERS.
R  INDICATES RECORD WAS SET OR TIED.
MM INDICATES DATA IS MISSING.
T  INDICATES TRACE AMOUNT.

$$
