000
CDUS44 KJAN 280641
CLIMEI


CLIMATE REPORT
NATIONAL WEATHER SERVICE JACKSON MS
139 AM CDT MON MAY 28 2018


...................................

...THE MERIDIAN CLIMATE SUMMARY FOR MAY 27 2018...

CLIMATE NORMAL PERIOD 1981 TO 2010
CLIMATE RECORD PERIOD 1889 TO 2018


WEATHER ITEM   OBSERVED TIME   RECORD YEAR NORMAL DEPARTURE LAST
                VALUE   (LST)  VALUE       VALUE  FROM      YEAR
                                                  NORMAL
..................................................................
TEMPERATURE (F)
 YESTERDAY
  MAXIMUM         88    336 PM  97    1953  86      2       90
  MINIMUM         67    431 AM  45    1961  62      5       66
  AVERAGE         78                        74      4       78

PRECIPITATION (IN)
  YESTERDAY        T             2.46 1892   0.14  -0.14      T
  MONTH TO DATE    2.60                      3.92  -1.32     3.13
  SINCE MAR 1     14.47                     14.12   0.35    18.83
  SINCE JAN 1     26.41                     24.85   1.56    28.40

SNOWFALL (IN)
  YESTERDAY        0.0           0.0    MM   0.0    0.0      0.0
  MONTH TO DATE    0.0                       0.0    0.0      0.0
  SINCE MAR 1      0.0                       0.3   -0.3      0.0
  SINCE JUL 1      5.3                       0.6    4.7      0.8

DEGREE DAYS
 HEATING
  YESTERDAY        0                         0      0        0
  MONTH TO DATE    0                        16    -16       13
  SINCE MAR 1    351                       453   -102      234
  SINCE JUL 1   2104                      2550   -446     1362

 COOLING
  YESTERDAY       13                         9      4       13
  MONTH TO DATE  304                       163    141      182
  SINCE MAR 1    375                       239    136      399
  SINCE JAN 1    449                       246    203      445
..................................................................


WIND (MPH)
  HIGHEST WIND SPEED    10   HIGHEST WIND DIRECTION    NE (50)
  HIGHEST GUST SPEED    14   HIGHEST GUST DIRECTION     E (70)
  AVERAGE WIND SPEED     3.8


SKY COVER
  POSSIBLE SUNSHINE  MM
  AVERAGE SKY COVER 0.2


WEATHER CONDITIONS
 THE FOLLOWING WEATHER WAS RECORDED YESTERDAY.
  LIGHT RAIN
  FOG


RELATIVE HUMIDITY (PERCENT)
 HIGHEST    93           300 AM
 LOWEST     51           100 PM
 AVERAGE    72

..........................................................


THE MERIDIAN CLIMATE NORMALS FOR TODAY
                         NORMAL    RECORD    YEAR
 MAXIMUM TEMPERATURE (F)   86        96      1962
 MINIMUM TEMPERATURE (F)   62        42      1961


SUNRISE AND SUNSET
MAY 28 2018...........SUNRISE   550 AM CDT   SUNSET   755 PM CDT
MAY 29 2018...........SUNRISE   550 AM CDT   SUNSET   755 PM CDT


-  INDICATES NEGATIVE NUMBERS.
R  INDICATES RECORD WAS SET OR TIED.
MM INDICATES DATA IS MISSING.
T  INDICATES TRACE AMOUNT.




$$
