000
CDUS46 KMFR 260836
CLIMFR


CLIMATE REPORT
NATIONAL WEATHER SERVICE MEDFORD, OR
135 AM PDT THU APR 26 2018


...................................

...THE MEDFORD OR CLIMATE SUMMARY FOR APRIL 25 2018...

CLIMATE NORMAL PERIOD 1981 TO 2010
CLIMATE RECORD PERIOD 1911 TO 2018


WEATHER ITEM   OBSERVED TIME   RECORD YEAR NORMAL DEPARTURE LAST
                VALUE   (LST)  VALUE       VALUE  FROM      YEAR
                                                  NORMAL
..................................................................
TEMPERATURE (F)
 YESTERDAY
  MAXIMUM         89    528 PM  91    1926  67     22       56
  MINIMUM         49    540 AM  30    1944  42      7       43
                                      1924
  AVERAGE         69                        55     14       50

PRECIPITATION (IN)
  YESTERDAY        0.00          0.57 1989   0.05  -0.05      T
  MONTH TO DATE    0.74                      1.17  -0.43     0.68
  SINCE OCT 1      9.68                     14.96  -5.28    23.42
  SINCE JAN 1      5.07                      7.32  -2.25    11.73

SNOWFALL (IN)
  YESTERDAY        0.0                       0.0    0.0      0.0
  MONTH TO DATE    0.0                       0.1   -0.1      0.0
  SINCE JUL 1      4.2                       4.2    0.0     11.8
  SNOW DEPTH       0

DEGREE DAYS
 HEATING
  YESTERDAY        0                        10    -10       15
  MONTH TO DATE  306                       317    -11      320
  SINCE MAR 1    860                       835     25      789
  SINCE JUL 1   3953                      3949      4     3834

 COOLING
  YESTERDAY        4                         0      4        0
  MONTH TO DATE    4                         0      4        0
  SINCE MAR 1      4                         0      4        0
  SINCE JAN 1      4                         0      4        0
..................................................................


WIND (MPH)
  HIGHEST WIND SPEED     8   HIGHEST WIND DIRECTION    NW (300)
  HIGHEST GUST SPEED    12   HIGHEST GUST DIRECTION     N (20)
  AVERAGE WIND SPEED     2.8


SKY COVER
  POSSIBLE SUNSHINE  MM
  AVERAGE SKY COVER 0.0


WEATHER CONDITIONS
 THE FOLLOWING WEATHER WAS RECORDED YESTERDAY.
  HAZE


RELATIVE HUMIDITY (PERCENT)
 HIGHEST    71           500 AM
 LOWEST     12           600 PM
 AVERAGE    42

..........................................................


THE MEDFORD OR CLIMATE NORMALS FOR TODAY
                         NORMAL    RECORD    YEAR
 MAXIMUM TEMPERATURE (F)   68        92      1987
 MINIMUM TEMPERATURE (F)   42        29      1976
                                             1943


SUNRISE AND SUNSET
APRIL 26 2018.........SUNRISE   613 AM PDT   SUNSET   806 PM PDT
APRIL 27 2018.........SUNRISE   612 AM PDT   SUNSET   807 PM PDT


-  INDICATES NEGATIVE NUMBERS.
R  INDICATES RECORD WAS SET OR TIED.
MM INDICATES DATA IS MISSING.
T  INDICATES TRACE AMOUNT.




$$
