000
CDUS44 KMEG 250649
CLIMKL


CLIMATE REPORT
NATIONAL WEATHER SERVICE MEMPHIS TN
149 AM CDT WED APR 25 2018


...................................

...THE JACKSON CLIMATE SUMMARY FOR APRIL 24 2018...

CLIMATE NORMAL PERIOD 1981 TO 2010
CLIMATE RECORD PERIOD 1948 TO 2018


WEATHER ITEM   OBSERVED TIME   RECORD YEAR NORMAL DEPARTURE LAST
                VALUE   (LST)  VALUE       VALUE  FROM      YEAR
                                                  NORMAL
..................................................................
TEMPERATURE (F)
 YESTERDAY
  MAXIMUM         65    143 PM  90    1965  75    -10       72
  MINIMUM         54   1059 PM  34    2013  51      3       49
  AVERAGE         60                        62     -2       61

PRECIPITATION (IN)
  YESTERDAY        T             1.71 1953   0.17  -0.17     0.00
  MONTH TO DATE    5.83                      3.84   1.99     4.57
  SINCE MAR 1     10.29                      8.59   1.70    12.24
  SINCE JAN 1     29.00                     16.83  12.17    17.07

DEGREE DAYS
 HEATING
  YESTERDAY        5                         5      0        4
  MONTH TO DATE  278                       175    103       73
  SINCE MAR 1    713                       619     94      432
  SINCE JUL 1   3456                      3503    -47     2472

 COOLING
  YESTERDAY        0                         2     -2        0
  MONTH TO DATE   14                        34    -20       62
  SINCE MAR 1     15                        44    -29       75
  SINCE JAN 1     33                        45    -12       77
..................................................................


WIND (MPH)
  HIGHEST WIND SPEED    16   HIGHEST WIND DIRECTION    NW (320)
  HIGHEST GUST SPEED    21   HIGHEST GUST DIRECTION    NW (320)
  AVERAGE WIND SPEED     6.9


SKY COVER
  POSSIBLE SUNSHINE  MM
  AVERAGE SKY COVER 0.8


WEATHER CONDITIONS
 THE FOLLOWING WEATHER WAS RECORDED YESTERDAY.
  LIGHT RAIN
  FOG
  FOG W/VISIBILITY <= 1/4 MILE


RELATIVE HUMIDITY (PERCENT)
 HIGHEST   100          1200 AM
 LOWEST     84          1100 AM
 AVERAGE    92

..........................................................


THE JACKSON CLIMATE NORMALS FOR TODAY
                         NORMAL    RECORD    YEAR
 MAXIMUM TEMPERATURE (F)   75        87      2009
                                             1986
                                             1954
 MINIMUM TEMPERATURE (F)   51        32      2013


SUNRISE AND SUNSET
APRIL 25 2018.........SUNRISE   611 AM CDT   SUNSET   737 PM CDT
APRIL 26 2018.........SUNRISE   609 AM CDT   SUNSET   738 PM CDT


-  INDICATES NEGATIVE NUMBERS.
R  INDICATES RECORD WAS SET OR TIED.
MM INDICATES DATA IS MISSING.
T  INDICATES TRACE AMOUNT.




$$
