330
CDUS46 KPQR 262325
CLIMMV


CLIMATE REPORT
NATIONAL WEATHER SERVICE PORTLAND OREGON
424 PM PDT THU APR 26 2018


...................................

...THE MCMINNVILLE OR CLIMATE SUMMARY FOR APRIL 26 2018...
VALID TODAY AS OF 0400 PM LOCAL TIME.

CLIMATE NORMAL PERIOD 1981 TO 2010
CLIMATE RECORD PERIOD 1894 TO 2018


WEATHER ITEM   OBSERVED TIME   RECORD YEAR NORMAL DEPARTURE LAST
                VALUE   (LST)  VALUE       VALUE  FROM      YEAR
                                                  NORMAL
..................................................................
TEMPERATURE (F)
 TODAY
  MAXIMUM         73    226 PM  95    1926  63     10       59
  MINIMUM         46    543 AM  28    1984  40      6       43
  AVERAGE         60                        52      8       51

PRECIPITATION (IN)
  TODAY            0.00                      0.08  -0.08     0.54
  MONTH TO DATE    4.63                      2.63   2.00     4.20
  SINCE OCT 1     31.22                     33.23  -2.01    50.31
  SINCE JAN 1     15.68                     17.20  -1.52    26.50

DEGREE DAYS
 HEATING
  TODAY            5                                        14
  MONTH TO DATE  371                                       387
  SINCE MAR 1    991                                       924
  SINCE JUL 1   3948                                      4220

 COOLING
  TODAY            0                                         0
  MONTH TO DATE    0                                         0
  SINCE MAR 1      0                                         0
  SINCE JAN 1      0                                         0
..................................................................


WIND (MPH)
  HIGHEST WIND SPEED    15   HIGHEST WIND DIRECTION    SW (210)
  HIGHEST GUST SPEED    18   HIGHEST GUST DIRECTION     S (200)
  AVERAGE WIND SPEED     6.4


SKY COVER
  POSSIBLE SUNSHINE  MM
  AVERAGE SKY COVER 0.0


WEATHER CONDITIONS
 THE FOLLOWING WEATHER WAS RECORDED TODAY.
  NO SIGNIFICANT WEATHER WAS OBSERVED.


RELATIVE HUMIDITY (PERCENT)
 HIGHEST   100           100 AM
 LOWEST     49           100 PM
 AVERAGE    75

..........................................................


THE MCMINNVILLE OR CLIMATE NORMALS FOR TOMORROW
                         NORMAL    RECORD    YEAR
 MAXIMUM TEMPERATURE (F)   63        99      1926
 MINIMUM TEMPERATURE (F)   40        30      1984


SUNRISE AND SUNSET
APRIL 26 2018.........SUNRISE   509 AM PST   SUNSET   712 PM PST
APRIL 27 2018.........SUNRISE   507 AM PST   SUNSET   714 PM PST


-  INDICATES NEGATIVE NUMBERS.
R  INDICATES RECORD WAS SET OR TIED.
MM INDICATES DATA IS MISSING.
T  INDICATES TRACE AMOUNT.




$$
