000
CDUS41 KBTV 200535
CLIMPV


CLIMATE REPORT
NATIONAL WEATHER SERVICE BURLINGTON VT
134 AM EDT FRI APR 20 2018


...................................

...THE MONTPELIER VT CLIMATE SUMMARY FOR APRIL 19 2018...

CLIMATE NORMAL PERIOD 1981 TO 2010
CLIMATE RECORD PERIOD 1948 TO 2018


WEATHER ITEM   OBSERVED TIME   RECORD YEAR NORMAL DEPARTURE LAST
                VALUE   (LST)  VALUE       VALUE  FROM      YEAR
                                                  NORMAL
..................................................................
TEMPERATURE (F)
 YESTERDAY
  MAXIMUM         40   1236 PM  90    1976  55    -15       48
  MINIMUM         30   1159 PM  22    2001  33     -3       35
  AVERAGE         35                        44     -9       42

PRECIPITATION (IN)
  YESTERDAY        0.01          0.80        0.08  -0.07     0.34
  MONTH TO DATE    3.04                      1.65   1.39     2.45
  SINCE MAR 1      5.53                      4.04   1.49     5.05
  SINCE JAN 1      9.81                      8.53   1.28     8.97

DEGREE DAYS
 HEATING
  YESTERDAY       30                        21      9       23
  MONTH TO DATE  627                       475    152      383
  SINCE MAR 1   1772                      1592    180     1664
  SINCE JUL 1   7427                      7500    -73     6885

 COOLING
  YESTERDAY        0                         0      0        0
  MONTH TO DATE    0                         0      0        1
  SINCE MAR 1      0                         0      0        1
  SINCE JAN 1      0                         0      0        1
..................................................................


WIND (MPH)
  HIGHEST WIND SPEED    21   HIGHEST WIND DIRECTION    NW (300)
  HIGHEST GUST SPEED    29   HIGHEST GUST DIRECTION    NW (310)
  AVERAGE WIND SPEED     9.0


SKY COVER
  AVERAGE SKY COVER 1.0


WEATHER CONDITIONS
 THE FOLLOWING WEATHER WAS RECORDED YESTERDAY.
  LIGHT SNOW
  FOG


RELATIVE HUMIDITY (PERCENT)
 HIGHEST   100           900 PM
 LOWEST     59           400 PM
 AVERAGE    80

..........................................................


THE MONTPELIER VT CLIMATE NORMALS FOR TODAY
                         NORMAL    RECORD    YEAR
 MAXIMUM TEMPERATURE (F)   56        80      1987
 MINIMUM TEMPERATURE (F)   33        18      2001


SUNRISE AND SUNSET
APRIL 20 2018.........SUNRISE   558 AM EDT   SUNSET   741 PM EDT
APRIL 21 2018.........SUNRISE   557 AM EDT   SUNSET   742 PM EDT


-  INDICATES NEGATIVE NUMBERS.
R  INDICATES RECORD WAS SET OR TIED.
MM INDICATES DATA IS MISSING.
T  INDICATES TRACE AMOUNT.




$$
