801
CDUS41 KLWX 250531
CLIMRB


CLIMATE REPORT
NATIONAL WEATHER SERVICE BALTIMORE MD/WASHINGTON DC
127 AM EDT WED APR 25 2018


...................................

...THE MARTINSBURG WV CLIMATE SUMMARY FOR APRIL 24 2018...

CLIMATE NORMAL PERIOD 1981 TO 2010
CLIMATE RECORD PERIOD 1926 TO 2018


WEATHER ITEM   OBSERVED TIME   NORMAL DEPARTURE LAST
                VALUE   (LST)  VALUE  FROM      YEAR
                                      NORMAL
......................................................
TEMPERATURE (F)
 YESTERDAY
  MAXIMUM         59    155 PM  67     -8       60
  MINIMUM         50    730 AM  43      7       50
  AVERAGE         55            55      0       55

PRECIPITATION (IN)
  YESTERDAY        0.37          0.11   0.26     0.26
  MONTH TO DATE    3.21          2.65   0.56     2.13
  SINCE MAR 1      4.90          6.17  -1.27     4.91
  SINCE JAN 1     11.09         10.95   0.14     9.29

DEGREE DAYS
 HEATING
  YESTERDAY       10            10      0       10
  MONTH TO DATE  396           329     67      189
  SINCE MAR 1   1220          1043    177      871
  SINCE JUL 1   4785          4999   -214     3949

 COOLING
  YESTERDAY        0             0      0        0
  MONTH TO DATE   16             0     16       25
  SINCE MAR 1     16             1     15       28
  SINCE JAN 1     21             1     20       28
......................................................


WIND (MPH)
  HIGHEST WIND SPEED    13   HIGHEST WIND DIRECTION    SE (120)
  HIGHEST GUST SPEED    18   HIGHEST GUST DIRECTION     E (110)
  AVERAGE WIND SPEED     4.5


SKY COVER
  POSSIBLE SUNSHINE  MM
  AVERAGE SKY COVER 1.0


WEATHER CONDITIONS
 THE FOLLOWING WEATHER WAS RECORDED YESTERDAY.
  RAIN
  LIGHT RAIN
  FOG


RELATIVE HUMIDITY (PERCENT)
 HIGHEST    93           600 PM
 LOWEST     38          1200 AM
 AVERAGE    66

..........................................................


THE MARTINSBURG WV CLIMATE NORMALS FOR TODAY
                         NORMAL
 MAXIMUM TEMPERATURE (F)   67
 MINIMUM TEMPERATURE (F)   44


SUNRISE AND SUNSET
APRIL 25 2018.........SUNRISE   621 AM EDT   SUNSET   800 PM EDT
APRIL 26 2018.........SUNRISE   619 AM EDT   SUNSET   801 PM EDT


-  INDICATES NEGATIVE NUMBERS.
R  INDICATES RECORD WAS SET OR TIED.
MM INDICATES DATA IS MISSING.
T  INDICATES TRACE AMOUNT.




$$
