000
CDUS41 KBTV 200540
CLIMSS


CLIMATE REPORT
NATIONAL WEATHER SERVICE BURLINGTON VT
139 AM EDT SUN MAY 20 2018


...................................

...THE MASSENA NY CLIMATE SUMMARY FOR MAY 19 2018...

CLIMATE NORMAL PERIOD 1981 TO 2010
CLIMATE RECORD PERIOD 1948 TO 2018


WEATHER ITEM   OBSERVED TIME   RECORD YEAR NORMAL DEPARTURE LAST
                VALUE   (LST)  VALUE       VALUE  FROM      YEAR
                                                  NORMAL
..................................................................
TEMPERATURE (F)
 YESTERDAY
  MAXIMUM         65   1233 PM  95    1971  68     -3       67
  MINIMUM         45    355 AM  29    1991  45      0       48
  AVERAGE         55                        56     -1       58

PRECIPITATION (IN)
  YESTERDAY        0.08          1.37        0.11  -0.03     0.05
  MONTH TO DATE    0.97                      1.83  -0.86     3.40
  SINCE MAR 1      5.11                      6.74  -1.63     9.18
  SINCE JAN 1      8.34                     10.69  -2.35    12.61

DEGREE DAYS
 HEATING
  YESTERDAY       10                         9      1        7
  MONTH TO DATE  163                       227    -64      245
  SINCE MAR 1   2053                      2022     31     2016
  SINCE JUL 1   7251                      8009   -758     6942

 COOLING
  YESTERDAY        0                         0      0        0
  MONTH TO DATE    4                         0      4       14
  SINCE MAR 1      4                         1      3       16
  SINCE JAN 1      4                         1      3       16
..................................................................


WIND (MPH)
  HIGHEST WIND SPEED    13   HIGHEST WIND DIRECTION     S (160)
  HIGHEST GUST SPEED    16   HIGHEST GUST DIRECTION     S (160)
  AVERAGE WIND SPEED     5.8


SKY COVER
  AVERAGE SKY COVER 0.5


WEATHER CONDITIONS
 THE FOLLOWING WEATHER WAS RECORDED YESTERDAY.
  RAIN
  LIGHT RAIN
  FOG


RELATIVE HUMIDITY (PERCENT)
 HIGHEST   100           900 PM
 LOWEST     49           900 AM
 AVERAGE    75

..........................................................


THE MASSENA NY CLIMATE NORMALS FOR TODAY
                         NORMAL    RECORD    YEAR
 MAXIMUM TEMPERATURE (F)   68        90      1975
 MINIMUM TEMPERATURE (F)   45        28      2002


SUNRISE AND SUNSET
MAY 20 2018...........SUNRISE   525 AM EDT   SUNSET   827 PM EDT
MAY 21 2018...........SUNRISE   524 AM EDT   SUNSET   828 PM EDT


-  INDICATES NEGATIVE NUMBERS.
R  INDICATES RECORD WAS SET OR TIED.
MM INDICATES DATA IS MISSING.
T  INDICATES TRACE AMOUNT.




$$
