951
CDUS45 KBOI 200931
CLIMYL


CLIMATE REPORT
NATIONAL WEATHER SERVICE BOISE ID
331 AM MDT SUN MAY 20 2018


...................................

...THE MCCALL ID CLIMATE SUMMARY FOR MAY 19 2018...

CLIMATE NORMAL PERIOD 1981 TO 2010
CLIMATE RECORD PERIOD 1930 TO 2018


WEATHER ITEM   OBSERVED TIME   RECORD YEAR NORMAL DEPARTURE LAST
                VALUE   (LST)  VALUE       VALUE  FROM      YEAR
                                                  NORMAL
..................................................................
TEMPERATURE (F)
 YESTERDAY
  MAXIMUM         66    510 PM  80    1958  60      6       63
  MINIMUM         33    517 AM  18    2003  34     -1       32
  AVERAGE         50                        47      3       48

PRECIPITATION (IN)
  YESTERDAY        T             1.30 1921   0.07  -0.07     0.00
  MONTH TO DATE    0.61                      1.32  -0.71     1.58
  SINCE OCT 1     19.33                     15.09   4.24    27.85
  SINCE JAN 1     12.48                      8.91   3.57    19.36

DEGREE DAYS
 HEATING
  YESTERDAY       15                        18     -3       17
  MONTH TO DATE  254                       391   -137      372
  SINCE MAR 1   2095                      2351   -256     2140
  SINCE JUL 1   7938                      9026  -1088     8343

 COOLING
  YESTERDAY        0                         0      0        0
  MONTH TO DATE    0                         0      0        0
  SINCE MAR 1      0                         0      0        0
  SINCE JAN 1      0                         0      0        0
..................................................................


WIND (MPH)
  HIGHEST WIND SPEED     9   HIGHEST WIND DIRECTION     S (180)
  HIGHEST GUST SPEED    12   HIGHEST GUST DIRECTION    SW (220)
  AVERAGE WIND SPEED     2.8


SKY COVER
  AVERAGE SKY COVER 0.4


WEATHER CONDITIONS
 THE FOLLOWING WEATHER WAS RECORDED YESTERDAY.
  FOG
  FOG W/VISIBILITY <= 1/4 MILE


RELATIVE HUMIDITY (PERCENT)
 HIGHEST   100           200 AM
 LOWEST     34           700 PM
 AVERAGE    67

..........................................................


THE MCCALL ID CLIMATE NORMALS FOR TODAY
                         NORMAL    RECORD    YEAR
 MAXIMUM TEMPERATURE (F)   60        83      1958
 MINIMUM TEMPERATURE (F)   34        23      2003
                                             1910


SUNRISE AND SUNSET
MAY 20 2018...........SUNRISE   610 AM MDT   SUNSET   912 PM MDT
MAY 21 2018...........SUNRISE   609 AM MDT   SUNSET   913 PM MDT


-  INDICATES NEGATIVE NUMBERS.
R  INDICATES RECORD WAS SET OR TIED.
MM INDICATES DATA IS MISSING.
T  INDICATES TRACE AMOUNT.




$$
