000
CDUS42 KCAE 222130
CLIOGB


CLIMATE REPORT
NATIONAL WEATHER SERVICE COLUMBIA SC
530 PM EDT TUE MAY 22 2018


...................................

...THE ORANGEBURG AIRPORT SC CLIMATE SUMMARY FOR MAY 22 2018...
VALID TODAY AS OF 0500 PM LOCAL TIME.

CLIMATE NORMAL PERIOD 1981 TO 2010
CLIMATE RECORD PERIOD 9999 TO 9999


WEATHER ITEM   OBSERVED TIME   NORMAL DEPARTURE LAST
                VALUE   (LST)  VALUE  FROM      YEAR
                                      NORMAL
......................................................
TEMPERATURE (F)
 TODAY
  MAXIMUM         82    245 PM  85     -3       86
  MINIMUM         68    429 AM  62      6       70
  AVERAGE         75            73      2       78

PRECIPITATION (IN)
  TODAY            0.01          0.11  -0.10     0.35
  MONTH TO DATE    4.68          1.95   2.73     1.67
  SINCE MAR 1     10.80          8.78   2.02     8.93
  SINCE JAN 1     13.65         16.35  -2.70    15.58

DEGREE DAYS
 HEATING
  TODAY            0             0      0        0
  MONTH TO DATE    2            10     -8       12
  SINCE MAR 1    487           395     92      321
  SINCE JUL 1   2192          2327   -135     1630

 COOLING
  TODAY           10             9      1       13
  MONTH TO DATE  188           132     56      173
  SINCE MAR 1    228           214     14      358
  SINCE JAN 1    285           217     68      384
......................................................


WIND (MPH)
  HIGHEST WIND SPEED    22   HIGHEST WIND DIRECTION     S (170)
  HIGHEST GUST SPEED    30   HIGHEST GUST DIRECTION     S (170)
  AVERAGE WIND SPEED     3.2


SKY COVER
  AVERAGE SKY COVER 0.4


WEATHER CONDITIONS
 THE FOLLOWING WEATHER WAS RECORDED TODAY.
  THUNDERSTORM
  LIGHT RAIN
  FOG
  FOG W/VISIBILITY <= 1/4 MILE


RELATIVE HUMIDITY (PERCENT)
 HIGHEST   100           700 AM
 LOWEST     67          1100 AM

..........................................................


THE ORANGEBURG AIRPORT SC CLIMATE NORMALS FOR TOMORROW
                         NORMAL
 MAXIMUM TEMPERATURE (F)   85
 MINIMUM TEMPERATURE (F)   62


SUNRISE AND SUNSET
MAY 22 2018...........SUNRISE   619 AM EDT   SUNSET   822 PM EDT
MAY 23 2018...........SUNRISE   618 AM EDT   SUNSET   823 PM EDT


-  INDICATES NEGATIVE NUMBERS.
R  INDICATES RECORD WAS SET OR TIED.
MM INDICATES DATA IS MISSING.
T  INDICATES TRACE AMOUNT.




$$
