000
CDUS43 KEAX 230636
CLIOJC


CLIMATE REPORT
NATIONAL WEATHER SERVICE KANSAS CITY/PLEASANT HILL MO
135 AM CDT WED MAY 23 2018


...................................

...THE JOHNSON COUNTY EXECUTIVE KS CLIMATE SUMMARY FOR MAY 22 2018...

CLIMATE NORMAL PERIOD 1981 TO 2010
CLIMATE RECORD PERIOD 9999 TO 9999


WEATHER ITEM   OBSERVED TIME   NORMAL DEPARTURE LAST
                VALUE   (LST)  VALUE  FROM      YEAR
                                      NORMAL
......................................................
TEMPERATURE (F)
 YESTERDAY
  MAXIMUM         83    240 PM  76      7       71
  MINIMUM         57    543 AM  57      0       50
  AVERAGE         70            67      3       61

PRECIPITATION (IN)
  YESTERDAY        0.00          0.18  -0.18     0.04
  MONTH TO DATE    1.94          3.93  -1.99     3.08
  SINCE MAR 1      6.09         10.55  -4.46    11.19
  SINCE JAN 1      7.50         13.24  -5.74    12.11

DEGREE DAYS
 HEATING
  YESTERDAY        0             2     -2        4
  MONTH TO DATE    0            81    -81       80
  SINCE MAR 1   1175          1019    156      858
  SINCE JUL 1   5063          4912    151     3998

 COOLING
  YESTERDAY        5             4      1        0
  MONTH TO DATE  138            44     94       50
  SINCE MAR 1    144            62     82       76
  SINCE JAN 1    144            62     82       76
......................................................


WIND (MPH)
  HIGHEST WIND SPEED    14   HIGHEST WIND DIRECTION    SE (140)
  HIGHEST GUST SPEED    18   HIGHEST GUST DIRECTION    SE (130)
  AVERAGE WIND SPEED     5.4


SKY COVER
  AVERAGE SKY COVER 0.1


WEATHER CONDITIONS
 THE FOLLOWING WEATHER WAS RECORDED YESTERDAY.
  FOG


RELATIVE HUMIDITY (PERCENT)
 HIGHEST   100           500 AM
 LOWEST     55           400 PM
 AVERAGE    78

..........................................................


THE JOHNSON COUNTY EXECUTIVE KS CLIMATE NORMALS FOR TODAY
                         NORMAL
 MAXIMUM TEMPERATURE (F)   77
 MINIMUM TEMPERATURE (F)   57


SUNRISE AND SUNSET
MAY 23 2018...........SUNRISE   600 AM CDT   SUNSET   831 PM CDT
MAY 24 2018...........SUNRISE   600 AM CDT   SUNSET   832 PM CDT


-  INDICATES NEGATIVE NUMBERS.
R  INDICATES RECORD WAS SET OR TIED.
MM INDICATES DATA IS MISSING.
T  INDICATES TRACE AMOUNT.




$$
