373
CDUS44 KOUN 192211
CLIOKC

CLIMATE REPORT
NATIONAL WEATHER SERVICE NORMAN OK
509 PM CDT THU APR 19 2018


...................................

...THE OKLAHOMA CITY CLIMATE SUMMARY FOR APRIL 19 2018...
VALID TODAY AS OF 0500 PM LOCAL TIME.

CLIMATE NORMAL PERIOD 1981 TO 2010
CLIMATE RECORD PERIOD 1890 TO 2018


WEATHER ITEM   OBSERVED TIME   RECORD YEAR NORMAL DEPARTURE LAST
                VALUE   (LST)  VALUE       VALUE  FROM      YEAR
                                                  NORMAL
..................................................................
TEMPERATURE (F)
 TODAY
  MAXIMUM         65    359 PM  94    1987  73     -8       78
  MINIMUM         42    604 AM  33    2013  51     -9       61
  AVERAGE         54                        62     -8       70

PRECIPITATION (IN)
  TODAY            0.00          2.92 1891   0.10  -0.10     0.00
  MONTH TO DATE    0.06                      1.73  -1.67     2.06
  SINCE MAR 1      0.67                      4.79  -4.12     4.66
  SINCE JAN 1      3.50                      7.76  -4.26     9.35

SNOWFALL (IN)
  TODAY            0.0           0.0    MM   0.0    0.0      0.0
  MONTH TO DATE    T                         0.0    0.0      0.0
  SINCE MAR 1      T                         0.9   -0.9      0.0
  SINCE JUL 1      0.4                       7.6   -7.2      2.1

DEGREE DAYS
 HEATING
  TODAY           11                         5      6        0
  MONTH TO DATE  258                       133    125       58
  SINCE MAR 1    613                       542     71      342
  SINCE JUL 1   3482                      3292    190     2562

 COOLING
  TODAY            0                         2     -2        5
  MONTH TO DATE   20                        26     -6       34
  SINCE MAR 1     26                        38    -12       82
  SINCE JAN 1     30                        39     -9       91
..................................................................


WIND (MPH)
  HIGHEST WIND SPEED    17   HIGHEST WIND DIRECTION    NE (40)
  HIGHEST GUST SPEED    30   HIGHEST GUST DIRECTION     N (20)
  AVERAGE WIND SPEED    10.4


SKY COVER
  AVERAGE SKY COVER 0.4


WEATHER CONDITIONS
 THE FOLLOWING WEATHER WAS RECORDED TODAY.
  NO SIGNIFICANT WEATHER WAS OBSERVED.


RELATIVE HUMIDITY (PERCENT)
 HIGHEST    57           600 AM
 LOWEST     27           300 PM
 AVERAGE    42

..........................................................


THE OKLAHOMA CITY CLIMATE NORMALS FOR TOMORROW
                         NORMAL    RECORD    YEAR
 MAXIMUM TEMPERATURE (F)   74        91      1961
 MINIMUM TEMPERATURE (F)   51        33      1966
                                             1953


SUNRISE AND SUNSET
APRIL 19 2018.........SUNRISE   653 AM CDT   SUNSET   807 PM CDT
APRIL 20 2018.........SUNRISE   652 AM CDT   SUNSET   808 PM CDT


-  INDICATES NEGATIVE NUMBERS.
R  INDICATES RECORD WAS SET OR TIED.
MM INDICATES DATA IS MISSING.
T  INDICATES TRACE AMOUNT.




$$
