000
CDUS45 KGGW 251232
CLIOLF


CLIMATE REPORT
NATIONAL WEATHER SERVICE GLASGOW MT
631 AM MDT WED APR 25 2018


...................................

...THE WOLF POINT MT CLIMATE SUMMARY FOR APRIL 25 2018...
VALID AS OF 0600 AM LOCAL TIME.

CLIMATE NORMAL PERIOD 1981 TO 2010
CLIMATE RECORD PERIOD 9999 TO 9999


WEATHER ITEM   OBSERVED RECORD YEAR NORMAL DEPARTURE
                VALUE   VALUE       VALUE  FROM
                                           NORMAL
........................................................
TEMPERATURE (F)
 TODAY
  MAXIMUM         46     MM      MM  63
  MINIMUM         36     MM      MM  31
  AVERAGE         41

PRECIPITATION (IN)
  TODAY            0.00  MM      MM   0.05  -0.05
  MONTH TO DATE    0.21               0.70  -0.49
  SINCE OCT 1      1.56               3.18  -1.62
  SINCE JAN 1      0.75               1.68  -0.93

SNOWFALL (IN)
  TODAY            0.0   MM      MM  MM
  MONTH TO DATE    0.0               MM
  SINCE MAR 1      0.0               MM
  SINCE JUL 1      0.0               MM

DEGREE DAYS
 HEATING
  TODAY           24

 COOLING
  TODAY            0
........................................................







THE WOLF POINT MT CLIMATE NORMALS FOR TOMORROW
                         NORMAL    RECORD    YEAR
 MAXIMUM TEMPERATURE (F)   64        MM        MM
 MINIMUM TEMPERATURE (F)   32        MM        MM


SUNRISE AND SUNSET
APRIL 25 2018.........SUNRISE   554 AM MDT   SUNSET   807 PM MDT
APRIL 26 2018.........SUNRISE   552 AM MDT   SUNSET   809 PM MDT


-  INDICATES NEGATIVE NUMBERS.
R  INDICATES RECORD WAS SET OR TIED.
MM INDICATES DATA IS MISSING.
T  INDICATES TRACE AMOUNT.




$$
