000
CDUS46 KSEW 240830
CLIOLM


CLIMATE REPORT
NATIONAL WEATHER SERVICE SEATTLE WA
130 AM PDT THU MAY 24 2018


...................................

...THE OLYMPIA WA AIRPORT CLIMATE SUMMARY FOR MAY 23 2018...

CLIMATE NORMAL PERIOD 1981 TO 2010
CLIMATE RECORD PERIOD 1948 TO 2018


WEATHER ITEM   OBSERVED TIME   RECORD YEAR NORMAL DEPARTURE LAST
                VALUE   (LST)  VALUE       VALUE  FROM      YEAR
                                                  NORMAL
..................................................................
TEMPERATURE (F)
 YESTERDAY
  MAXIMUM         78    330 PM  89    1969  67     11       79
  MINIMUM         48    451 AM  32    1964  45      3       47
                                      1950
  AVERAGE         63                        56      7       63

PRECIPITATION (IN)
  YESTERDAY        0.00          1.29 1973   0.08  -0.08     0.00
  MONTH TO DATE    0.15                      1.75  -1.60     2.98
  SINCE OCT 1     49.24                     44.38   4.86    60.95
  SINCE JAN 1     23.48                     23.69  -0.21    32.85

DEGREE DAYS
 HEATING
  YESTERDAY        2                         9     -7        2
  MONTH TO DATE  155                       268   -113      245
  SINCE MAR 1   1324                      1405    -81     1393
  SINCE JUL 1   4894                      5127   -233     5121

 COOLING
  YESTERDAY        0                         0      0        0
  MONTH TO DATE    3                         0      3        5
  SINCE MAR 1      3                         0      3        5
  SINCE JAN 1      3                         0      3        5
..................................................................


WIND (MPH)
  RESULTANT WIND SPEED   4   RESULTANT WIND DIRECTION   S (200)
  HIGHEST WIND SPEED    15   HIGHEST WIND DIRECTION    SW (210)
  HIGHEST GUST SPEED    20   HIGHEST GUST DIRECTION    SW (220)
  AVERAGE WIND SPEED     5.4


SKY COVER
  AVERAGE SKY COVER 0.2


WEATHER CONDITIONS
 THE FOLLOWING WEATHER WAS RECORDED YESTERDAY.
  NO SIGNIFICANT WEATHER WAS OBSERVED.


RELATIVE HUMIDITY (PERCENT)
 HIGHEST    96           600 AM
 LOWEST     41           500 PM
 AVERAGE    69

..........................................................


THE OLYMPIA WA AIRPORT CLIMATE NORMALS FOR TODAY
                         NORMAL    RECORD    YEAR
 MAXIMUM TEMPERATURE (F)   67        89      1992
 MINIMUM TEMPERATURE (F)   45        33      1980
                                             1964
                                             1950


SUNRISE AND SUNSET
MAY 24 2018...........SUNRISE   527 AM PDT   SUNSET   851 PM PDT
MAY 25 2018...........SUNRISE   526 AM PDT   SUNSET   852 PM PDT


-  INDICATES NEGATIVE NUMBERS.
R  INDICATES RECORD WAS SET OR TIED.
MM INDICATES DATA IS MISSING.
T  INDICATES TRACE AMOUNT.




$$
