000
CDUS43 KOAX 220630
CLIOMA


CLIMATE REPORT
NATIONAL WEATHER SERVICE OMAHA NEBRASKA
130 AM CDT SUN APR 22 2018


...................................

...THE OMAHA EPPLEY, NEBRASKA CLIMATE SUMMARY FOR APRIL 21 2018...

CLIMATE NORMAL PERIOD 1981 TO 2010
CLIMATE RECORD PERIOD 1871 TO 2018


WEATHER ITEM   OBSERVED TIME   RECORD YEAR NORMAL DEPARTURE LAST
                VALUE   (LST)  VALUE       VALUE  FROM      YEAR
                                                  NORMAL
..................................................................
TEMPERATURE (F)
 YESTERDAY
  MAXIMUM         55    514 PM  90    1980  66    -11       60
  MINIMUM         48    245 AM  26    1966  42      6       39
  AVERAGE         52                        54     -2       50

PRECIPITATION (IN)
  YESTERDAY        T             1.60 1984   0.11  -0.11     0.00
  MONTH TO DATE    0.10                      1.90  -1.80     0.93
  SINCE MAR 1      2.92                      3.89  -0.97     3.32
  SINCE JAN 1      4.66                      5.46  -0.80     5.22

SNOWFALL (IN)
  YESTERDAY        0.0                       0.1   -0.1      0.0
  MONTH TO DATE    1.5                       0.9    0.6      0.0
  SINCE JUL 1     17.0                      26.3   -9.3     11.4
  SNOW DEPTH       0

DEGREE DAYS
 HEATING
  YESTERDAY       13                        12      1       15
  MONTH TO DATE  539                       322    217      180
  SINCE MAR 1   1295                      1113    182      843
  SINCE JUL 1   5942                      5911     31     4670

 COOLING
  YESTERDAY        0                         1     -1        0
  MONTH TO DATE    0                         5     -5        8
  SINCE MAR 1      0                         6     -6        8
  SINCE JAN 1      0                         6     -6        8
..................................................................


WIND (MPH)
  HIGHEST WIND SPEED    17   HIGHEST WIND DIRECTION     E (80)
  HIGHEST GUST SPEED    23   HIGHEST GUST DIRECTION     E (80)
  AVERAGE WIND SPEED     7.0


SKY COVER
  POSSIBLE SUNSHINE  MM
  AVERAGE SKY COVER 1.0


WEATHER CONDITIONS
 THE FOLLOWING WEATHER WAS RECORDED YESTERDAY.
  LIGHT RAIN


RELATIVE HUMIDITY (PERCENT)
 HIGHEST    54           700 PM
 LOWEST     35          1200 PM
 AVERAGE    45

..........................................................


THE OMAHA EPPLEY, NEBRASKA CLIMATE NORMALS FOR TODAY
                         NORMAL    RECORD    YEAR
 MAXIMUM TEMPERATURE (F)   66        96      1989
 MINIMUM TEMPERATURE (F)   42        23      1992


SUNRISE AND SUNSET
APRIL 22 2018.........SUNRISE   633 AM CDT   SUNSET   811 PM CDT
APRIL 23 2018.........SUNRISE   632 AM CDT   SUNSET   812 PM CDT


-  INDICATES NEGATIVE NUMBERS.
R  INDICATES RECORD WAS SET OR TIED.
MM INDICATES DATA IS MISSING.
T  INDICATES TRACE AMOUNT.




$$
