000
CDAK49 PAFG 250121
CLIOTZ

CLIMATE REPORT
NATIONAL WEATHER SERVICE FAIRBANKS AK
521 PM AKDT TUE APR 24 2018


...................................

...THE KOTZEBUE AK CLIMATE SUMMARY FOR APRIL 24 2018...
VALID TODAY AS OF 0500 PM LOCAL TIME.

CLIMATE NORMAL PERIOD 1981 TO 2010
CLIMATE RECORD PERIOD 1920 TO 2018


WEATHER ITEM   OBSERVED TIME   RECORD YEAR NORMAL DEPARTURE LAST
                VALUE   (LST)  VALUE       VALUE  FROM      YEAR
                                                  NORMAL
..................................................................
TEMPERATURE (F)
 TODAY
  MAXIMUM         38    218 PM  48    1980  27     11       39
  MINIMUM         31    618 AM -20    1966  12     19       22
                                      1960
  AVERAGE         35                        19     16       31

PRECIPITATION (IN)
  TODAY            T             0.14 1995   0.02  -0.02     0.00
  MONTH TO DATE    0.03                      0.42  -0.39     0.05
  SINCE MAR 1      2.08                      0.86   1.22     0.08
  SINCE JAN 1      3.46                      2.14   1.32     1.67

SNOWFALL (IN)
  TODAY            T             3.5  1937   0.2   -0.2      0.0
  MONTH TO DATE    0.2                       4.3   -4.1      1.3
  SINCE MAR 1     24.5                      10.2   14.3      2.0
  SINCE JUL 1    103.9                      57.8   46.1     52.2
  SNOW DEPTH      47

DEGREE DAYS
 HEATING
  TODAY           30                        46    -16       34
  MONTH TO DATE 1102                      1291   -189     1030
  SINCE MAR 1   2713                      3273   -560     3199
  SINCE JUL 1  11399                     13518  -2119    12058

 COOLING
  TODAY            0                         0      0        0
  MONTH TO DATE    0                         0      0        0
  SINCE MAR 1      0                         0      0        0
  SINCE JAN 1      0                         0      0        0
..................................................................


WIND (MPH)
  HIGHEST GUST SPEED    49   HIGHEST GUST DIRECTION     E (100)


SKY COVER
  AVERAGE SKY COVER 0.8


WEATHER CONDITIONS
 THE FOLLOWING WEATHER WAS RECORDED TODAY.
  LIGHT RAIN
  LIGHT SNOW
  FOG


RELATIVE HUMIDITY (PERCENT)
 HIGHEST    92
 LOWEST     70
 AVERAGE    81

..........................................................


THE KOTZEBUE AK CLIMATE NORMALS FOR TOMORROW
                         NORMAL    RECORD    YEAR
 MAXIMUM TEMPERATURE (F)   27        44      1931
 MINIMUM TEMPERATURE (F)   13       -23      1960


SUNRISE AND SUNSET
APRIL 24 2018.........SUNRISE   628 AM AKDT  SUNSET  1113 PM AKDT
APRIL 25 2018.........SUNRISE   624 AM AKDT  SUNSET  1117 PM AKDT

-  INDICATES NEGATIVE NUMBERS.
R  INDICATES RECORD WAS SET OR TIED.
MM INDICATES DATA IS MISSING.
T  INDICATES TRACE AMOUNT.

&&

SNOW DEPTH IS MEASURED AT 3AM AKST/4AM AKDT.

----------------------------
AVAILABLE DAYLIGHT

AMOUNT OF DAYLIGHT TODAY  (HOUR:MIN)........16:45
GAIN/LOSS SINCE YESTERDAY (HOUR:MIN:SEC)....+0:07:57

$$
HFL APR 18
