000
CDUS45 KLKN 230927
CLIP68


CLIMATE REPORT
NATIONAL WEATHER SERVICE ELKO NV
226 AM PDT MON APR 23 2018


...................................

...THE EUREKA AIRPORT NV CLIMATE SUMMARY FOR APRIL 22 2018...

CLIMATE NORMAL PERIOD 1981 TO 2010
CLIMATE RECORD PERIOD 1963 TO 2018


WEATHER ITEM   OBSERVED TIME   RECORD YEAR NORMAL DEPARTURE LAST
                VALUE   (LST)  VALUE       VALUE  FROM      YEAR
                                                  NORMAL
..................................................................
TEMPERATURE (F)
 YESTERDAY
  MAXIMUM         75    139 PM  86    2012  61     14       68
  MINIMUM         35    507 AM   8    1963  29      6       27
  AVERAGE         55                        45     10       48

PRECIPITATION (IN)
  YESTERDAY        0.00          0.37 2016   0.03  -0.03     0.00
  MONTH TO DATE    0.80                      0.70   0.10     1.83
  SINCE OCT 1      5.98                      5.36   0.62     8.29
  SINCE JAN 1      4.79                      3.23   1.56     6.20

DEGREE DAYS
 HEATING
  YESTERDAY       10                        20    -10       17
  MONTH TO DATE  445                       499    -54      472
  SINCE MAR 1   1466                      1370     96     1157
  SINCE JUL 1   6116                      6655   -539     6017

 COOLING
  YESTERDAY        0                         0      0        0
  MONTH TO DATE    0                         0      0        0
  SINCE MAR 1      0                         0      0        0
  SINCE JAN 1      0                         0      0        0
..................................................................


WIND (MPH)
  HIGHEST WIND SPEED    25   HIGHEST WIND DIRECTION     S (200)
  HIGHEST GUST SPEED    31   HIGHEST GUST DIRECTION     S (200)
  AVERAGE WIND SPEED     7.4




RELATIVE HUMIDITY (PERCENT)
 HIGHEST    76           200 AM
 LOWEST     14           300 PM
 AVERAGE    45

..........................................................


THE EUREKA AIRPORT NV CLIMATE NORMALS FOR TODAY
                         NORMAL    RECORD    YEAR
 MAXIMUM TEMPERATURE (F)   61        85      2012
 MINIMUM TEMPERATURE (F)   29         8      1968


SUNRISE AND SUNSET
APRIL 23 2018.........SUNRISE   555 AM PDT   SUNSET   730 PM PDT
APRIL 24 2018.........SUNRISE   554 AM PDT   SUNSET   731 PM PDT


-  INDICATES NEGATIVE NUMBERS.
R  INDICATES RECORD WAS SET OR TIED.
MM INDICATES DATA IS MISSING.
T  INDICATES TRACE AMOUNT.




$$
