000
CDUS44 KLZK 210637
CLIPBF


CLIMATE REPORT
NATIONAL WEATHER SERVICE LITTLE ROCK AR
136 AM CDT SAT APR 21 2018


...................................

...THE PINE BLUFF CLIMATE SUMMARY FOR APRIL 20 2018...

CLIMATE NORMAL PERIOD 1981 TO 2010
CLIMATE RECORD PERIOD 1883 TO 2018


WEATHER ITEM   OBSERVED TIME   RECORD YEAR NORMAL DEPARTURE LAST
                VALUE   (LST)  VALUE       VALUE  FROM      YEAR
                                                  NORMAL
..................................................................
TEMPERATURE (F)
 YESTERDAY
  MAXIMUM         67    511 PM  94    1986  75     -8       83
  MINIMUM         43    611 AM  36    1910  53    -10       64
  AVERAGE         55                        64     -9       74

PRECIPITATION (IN)
  YESTERDAY        0.00          2.44 2011   0.16  -0.16      T
  MONTH TO DATE    6.19                      3.27   2.92     3.28
  SINCE MAR 1     11.87                      8.67   3.20     6.38
  SINCE JAN 1     29.69                     16.49  13.20    12.68

SNOWFALL (IN)
  YESTERDAY        0.0           T    1983   0.0    0.0      0.0
  MONTH TO DATE    T                         0.0    0.0      0.0
  SINCE MAR 1      T                         0.0    0.0      0.0
  SINCE JUL 1      4.1                       3.1    1.0      1.5
  SNOW DEPTH       0

DEGREE DAYS
 HEATING
  YESTERDAY       10                         3      7        0
  MONTH TO DATE  203                       105     98       30
  SINCE MAR 1    463                       452     11      277
  SINCE JUL 1   2877                      2840     37     1988

 COOLING
  YESTERDAY        0                         2     -2        9
  MONTH TO DATE   13                        34    -21       73
  SINCE MAR 1     36                        51    -15      109
  SINCE JAN 1     52                        54     -2      130
..................................................................


WIND (MPH)
  HIGHEST WIND SPEED    22   HIGHEST WIND DIRECTION     E (70)
  HIGHEST GUST SPEED    28   HIGHEST GUST DIRECTION     E (80)
  AVERAGE WIND SPEED     8.7


SKY COVER
  POSSIBLE SUNSHINE  MM
  AVERAGE SKY COVER 0.0


WEATHER CONDITIONS
 THE FOLLOWING WEATHER WAS RECORDED YESTERDAY.
  NO SIGNIFICANT WEATHER WAS OBSERVED.


RELATIVE HUMIDITY (PERCENT)
 HIGHEST    80          1000 PM
 LOWEST     29           200 PM
 AVERAGE    55

..........................................................


THE PINE BLUFF CLIMATE NORMALS FOR TODAY
                         NORMAL    RECORD    YEAR
 MAXIMUM TEMPERATURE (F)   76        93      1925
 MINIMUM TEMPERATURE (F)   53        38      1953


SUNRISE AND SUNSET
APRIL 21 2018.........SUNRISE   629 AM CDT   SUNSET   744 PM CDT
APRIL 22 2018.........SUNRISE   628 AM CDT   SUNSET   745 PM CDT


-  INDICATES NEGATIVE NUMBERS.
R  INDICATES RECORD WAS SET OR TIED.
MM INDICATES DATA IS MISSING.
T  INDICATES TRACE AMOUNT.




$$
