000
CDUS43 KABR 210634
CLIPIR


CLIMATE REPORT
NATIONAL WEATHER SERVICE ABERDEEN SD
132 AM CDT SAT APR 21 2018


...................................

...THE PIERRE SD CLIMATE SUMMARY FOR APRIL 20 2018...

CLIMATE NORMAL PERIOD 1981 TO 2010
CLIMATE RECORD PERIOD 1892 TO 2018


WEATHER ITEM   OBSERVED TIME   RECORD YEAR NORMAL DEPARTURE LAST
                VALUE   (LST)  VALUE       VALUE  FROM      YEAR
                                                  NORMAL
..................................................................
TEMPERATURE (F)
 YESTERDAY
  MAXIMUM         53    222 PM  95    1980  62     -9       60
  MINIMUM         33    438 AM  12    1966  36     -3       38
  AVERAGE         43                        49     -6       49

PRECIPITATION (IN)
  YESTERDAY        0.03          0.82 1920   0.06  -0.03     0.00
  MONTH TO DATE    1.63                      1.08   0.55     1.73
  SINCE MAR 1      3.03                      2.31   0.72     2.07
  SINCE JAN 1      4.60                      3.32   1.28     3.30

SNOWFALL (IN)
  YESTERDAY        0.0           3.8  1951   0.1   -0.1      0.0
  MONTH TO DATE   16.0                       3.2   12.8       T
  SINCE OCT 1     48.0                      31.0   17.0     32.6
  SINCE JUL 1     48.0                      31.0   17.0     32.6
  SNOW DEPTH       0

DEGREE DAYS
 HEATING
  YESTERDAY       22                        16      6       16
  MONTH TO DATE  668                       404    264      319
  SINCE MAR 1   1720                      1351    369     1189
  SINCE JUL 1   7381                      6849    532     6345

 COOLING
  YESTERDAY        0                         0      0        0
  MONTH TO DATE    0                         0      0        1
  SINCE MAR 1      0                         0      0        1
  SINCE JAN 1      0                         0      0        1
..................................................................


WIND (MPH)
  RESULTANT WIND SPEED  12   RESULTANT WIND DIRECTION  SE (130)
  HIGHEST WIND SPEED    22   HIGHEST WIND DIRECTION    SE (150)
  HIGHEST GUST SPEED    26   HIGHEST GUST DIRECTION    SE (140)
  AVERAGE WIND SPEED    12.5




RELATIVE HUMIDITY (PERCENT)
 HIGHEST   100          1000 PM
 LOWEST     46           200 PM
 AVERAGE    73

..........................................................


THE PIERRE SD CLIMATE NORMALS FOR TODAY
                         NORMAL    RECORD    YEAR
 MAXIMUM TEMPERATURE (F)   62        98      1980
 MINIMUM TEMPERATURE (F)   36        21      1966


SUNRISE AND SUNSET
APRIL 21 2018.........SUNRISE   647 AM CDT   SUNSET   833 PM CDT
APRIL 22 2018.........SUNRISE   646 AM CDT   SUNSET   834 PM CDT


-  INDICATES NEGATIVE NUMBERS.
R  INDICATES RECORD WAS SET OR TIED.
MM INDICATES DATA IS MISSING.
T  INDICATES TRACE AMOUNT.




$$
