000
CDUS41 KPBZ 192113
CLIPIT

CLIMATE REPORT
NATIONAL WEATHER SERVICE PITTSBURGH PA
512 PM EDT THU APR 19 2018

...................................

...THE PITTSBURGH PA CLIMATE SUMMARY FOR APRIL 19 2018...
VALID TODAY AS OF 0500 PM LOCAL TIME.

CLIMATE NORMAL PERIOD 1981 TO 2010
CLIMATE RECORD PERIOD 1871 TO 2018

WEATHER ITEM   OBSERVED TIME   RECORD YEAR NORMAL DEPARTURE LAST
                VALUE   (LST)  VALUE       VALUE  FROM      YEAR
                                                  NORMAL
..................................................................
TEMPERATURE (F)
 TODAY
  MAXIMUM         43   1229 AM  87    1941  63    -20       73
  MINIMUM         33    823 AM  19    1983  41     -8       56
  AVERAGE         38                        52    -14       65

PRECIPITATION (IN)
  TODAY            0.06          1.53 1901   0.11  -0.05     0.59
  MONTH TO DATE    3.86                      1.98   1.88     2.03
  SINCE JUN 1     41.58                     33.11   8.47    33.44
  SINCE JAN 1     18.14                     10.02   8.12    12.05

SNOWFALL (IN)
  TODAY            0.9           2.0  1907   0.0    0.9      0.0
  MONTH TO DATE    7.3                       1.3    6.0       T
  SINCE OCT 1     59.8                      41.7   18.1     32.0
  SINCE JUL 1     59.8                      41.7   18.1     32.0
  SNOW DEPTH       0

DEGREE DAYS
 HEATING
  TODAY           27                        13     14        0
  MONTH TO DATE  399                       306     93      190
  SINCE MAR 1   1325                      1094    231      963
  SINCE JUL 1   5333                      5351    -18     4389

 COOLING
  TODAY            0                         0      0        0
  MONTH TO DATE   12                         0     12        9
  SINCE MAR 1     12                         1     11       11
  SINCE JAN 1     16                         1     15       12
..................................................................

WIND (MPH)
  HIGHEST WIND SPEED    25   HIGHEST WIND DIRECTION    NW (310)
  HIGHEST GUST SPEED    33   HIGHEST GUST DIRECTION    NW (310)
  AVERAGE WIND SPEED    13.0


SKY COVER
  POSSIBLE SUNSHINE  MM
  AVERAGE SKY COVER 1.0


WEATHER CONDITIONS
 THE FOLLOWING WEATHER WAS RECORDED TODAY.
  RAIN
  LIGHT RAIN
  SNOW
  LIGHT SNOW
  FOG


RELATIVE HUMIDITY (PERCENT)
 HIGHEST   100           300 AM
 LOWEST     53           400 PM
 AVERAGE    77

..........................................................


THE PITTSBURGH PA CLIMATE NORMALS FOR TOMORROW
                         NORMAL    RECORD    YEAR
 MAXIMUM TEMPERATURE (F)   64        86      1941
 MINIMUM TEMPERATURE (F)   42        25      1997
                                             1926
                                             1904


SUNRISE AND SUNSET
APRIL 19 2018.........SUNRISE   636 AM EDT   SUNSET   804 PM EDT
APRIL 20 2018.........SUNRISE   635 AM EDT   SUNSET   805 PM EDT


-  INDICATES NEGATIVE NUMBERS.
R  INDICATES RECORD WAS SET OR TIED.
MM INDICATES DATA IS MISSING.
T  INDICATES TRACE AMOUNT.

&&

&&

SNOW DEPTH IS MEASURED AT 8 AM EDT.

SNOW DEPTH IS MEASURED AT 7 AM EST OR 8 AM EDT.

$$
$$
