000
CDUS41 KRLX 222121
CLIPKB


CLIMATE REPORT
NATIONAL WEATHER SERVICE CHARLESTON WV
520 PM EDT SUN APR 22 2018


...................................

...THE PARKERSBURG WV CLIMATE SUMMARY FOR APRIL 22 2018...
VALID TODAY AS OF 0500 PM LOCAL TIME.

CLIMATE NORMAL PERIOD 1981 TO 2010
CLIMATE RECORD PERIOD 1889 TO 2018


WEATHER ITEM   OBSERVED TIME   RECORD YEAR NORMAL DEPARTURE LAST
                VALUE   (LST)  VALUE       VALUE  FROM      YEAR
                                                  NORMAL
..................................................................
TEMPERATURE (F)
 TODAY
  MAXIMUM         70    339 PM  90    1985  68      2       57
  MINIMUM         42    507 AM  28    1936  44     -2       46
  AVERAGE         56                        56      0       52

PRECIPITATION (IN)
  TODAY            0.00          0.98 1984   0.11  -0.11     0.03
  MONTH TO DATE    3.94                      2.38   1.56     3.46
  SINCE MAR 1      7.22                      6.11   1.11     8.01
  SINCE JAN 1     17.73                     11.76   5.97    16.56

DEGREE DAYS
 HEATING
  TODAY            9                        10     -1       13
  MONTH TO DATE  399                       278    121      162
  SINCE MAR 1   1177                       949    228      798
  SINCE JUL 1   4832                      4739     93     3829

 COOLING
  TODAY            0                         1     -1        0
  MONTH TO DATE   20                        12      8       18
  SINCE MAR 1     20                        15      5       20
  SINCE JAN 1     26                        15     11       24
..................................................................


WIND (MPH)
  HIGHEST WIND SPEED     9   HIGHEST WIND DIRECTION     E (80)
  HIGHEST GUST SPEED    11   HIGHEST GUST DIRECTION     E (80)
  AVERAGE WIND SPEED     3.4


SKY COVER
  POSSIBLE SUNSHINE  MM
  AVERAGE SKY COVER 0.1


WEATHER CONDITIONS
 THE FOLLOWING WEATHER WAS RECORDED TODAY.
  NO SIGNIFICANT WEATHER WAS OBSERVED.


RELATIVE HUMIDITY (PERCENT)
 HIGHEST    62           400 AM
 LOWEST     17           300 PM
 AVERAGE    40

..........................................................


THE PARKERSBURG WV CLIMATE NORMALS FOR TOMORROW
                         NORMAL    RECORD    YEAR
 MAXIMUM TEMPERATURE (F)   69        89      1960
 MINIMUM TEMPERATURE (F)   44        27      1982


SUNRISE AND SUNSET
APRIL 22 2018.........SUNRISE   639 AM EDT   SUNSET   810 PM EDT
APRIL 23 2018.........SUNRISE   637 AM EDT   SUNSET   811 PM EDT


-  INDICATES NEGATIVE NUMBERS.
R  INDICATES RECORD WAS SET OR TIED.
MM INDICATES DATA IS MISSING.
T  INDICATES TRACE AMOUNT.




$$
