000
CDUS41 KALY 260631
CLIPOU


CLIMATE REPORT
NATIONAL WEATHER SERVICE ALBANY NY
230 AM EDT SAT MAY 26 2018


...................................

...THE POUGHKEEPSIE NY CLIMATE SUMMARY FOR MAY 25 2018...

CLIMATE NORMAL PERIOD 1981 TO 2010
CLIMATE RECORD PERIOD 1931 TO 2018


WEATHER ITEM   OBSERVED TIME   RECORD YEAR NORMAL DEPARTURE LAST
                VALUE   (LST)  VALUE       VALUE  FROM      YEAR
                                                  NORMAL
..................................................................
TEMPERATURE (F)
 YESTERDAY
  MAXIMUM         88    325 PM  91    1981  74     14       60
  MINIMUM         51    434 AM  27    1956  49      2       54
  AVERAGE         70                        61      9       57

PRECIPITATION (IN)
  YESTERDAY        0.00          2.19 1952   0.17  -0.17     0.28
  MONTH TO DATE    3.06                      3.47  -0.41     3.78
  SINCE MAR 1      8.86                     10.82  -1.96    11.47
  SINCE JAN 1     16.22                     16.56  -0.34    16.34

DEGREE DAYS
 HEATING
  YESTERDAY        0                         5     -5        8
  MONTH TO DATE   95                       197   -102      240
  SINCE MAR 1   1588                      1565     23     1602
  SINCE JUL 1   5900                      6136   -236     5644

 COOLING
  YESTERDAY        5                         2      3        0
  MONTH TO DATE   43                        20     23       29
  SINCE MAR 1     43                        25     18       46
  SINCE JAN 1     43                        25     18       46
..................................................................


WIND (MPH)
  HIGHEST WIND SPEED    18   HIGHEST WIND DIRECTION    SW (240)
  HIGHEST GUST SPEED    23   HIGHEST GUST DIRECTION    SW (240)
  AVERAGE WIND SPEED     5.4


SKY COVER
  AVERAGE SKY COVER 0.0



RELATIVE HUMIDITY (PERCENT)
 HIGHEST    96           300 AM
 LOWEST     24           300 PM
 AVERAGE    60

..........................................................


THE POUGHKEEPSIE NY CLIMATE NORMALS FOR TODAY
                         NORMAL    RECORD    YEAR
 MAXIMUM TEMPERATURE (F)   74        95      2010
                                             1965
 MINIMUM TEMPERATURE (F)   50        31      1949


SUNRISE AND SUNSET
MAY 26 2018...........SUNRISE   527 AM EDT   SUNSET   819 PM EDT
MAY 27 2018...........SUNRISE   526 AM EDT   SUNSET   819 PM EDT


-  INDICATES NEGATIVE NUMBERS.
R  INDICATES RECORD WAS SET OR TIED.
MM INDICATES DATA IS MISSING.
T  INDICATES TRACE AMOUNT.




$$
