000
CDUS46 KPDT 230029
CLIPSC

CLIMATE REPORT
NATIONAL WEATHER SERVICE PENDLETON OR
528 PM PDT SUN APR 22 2018


...................................

...THE PASCO WA CLIMATE SUMMARY FOR APRIL 22 2018...
VALID TODAY AS OF 0500 PM LOCAL TIME.

CLIMATE NORMAL PERIOD 1981 TO 2010
CLIMATE RECORD PERIOD 1948 TO 2018


WEATHER ITEM   OBSERVED TIME   RECORD YEAR NORMAL DEPARTURE LAST
                VALUE   (LST)  VALUE       VALUE  FROM      YEAR
                                                  NORMAL
..................................................................
TEMPERATURE (F)
 TODAY
  MAXIMUM         65    346 PM  94    1934  69     -4       72
  MINIMUM         31    415 AM  28    2011  39     -8       39
  AVERAGE         48                        54     -6       56

PRECIPITATION (IN)
  TODAY            0.00          0.32 1932   0.02  -0.02     0.00
  MONTH TO DATE    1.05                      0.50   0.55     0.85
  SINCE OCT 1      5.63                      6.32  -0.69     8.62
  SINCE JAN 1      2.91                      3.37  -0.46     4.85

SNOWFALL (IN)
  TODAY            0.0
  SNOW DEPTH       0

DEGREE DAYS
 HEATING
  TODAY           17                        11      6        9
  MONTH TO DATE  283                       282      1      286
  SINCE MAR 1    917                       860     57      819
  SINCE JUL 1   4620                      4743   -123     5141

 COOLING
  TODAY            0                         0      0        0
  MONTH TO DATE    0                         0      0        0
  SINCE MAR 1      0                         0      0        0
  SINCE JAN 1      0                         0      0        0
..................................................................


WIND (MPH)
  RESULTANT WIND SPEED   1   RESULTANT WIND DIRECTION   E (90)
  HIGHEST WIND SPEED    13   HIGHEST WIND DIRECTION    NW (330)
  HIGHEST GUST SPEED    16   HIGHEST GUST DIRECTION    NW (330)


SKY COVER
  POSSIBLE SUNSHINE  MM
  AVERAGE SKY COVER 0.0


WEATHER CONDITIONS
 THE FOLLOWING WEATHER WAS RECORDED TODAY.
  NO SIGNIFICANT WEATHER WAS OBSERVED.


RELATIVE HUMIDITY (PERCENT)
 HIGHEST    89
 LOWEST     24
 AVERAGE    57

..........................................................


THE PASCO WA CLIMATE NORMALS FOR TOMORROW
                         NORMAL    RECORD    YEAR
 MAXIMUM TEMPERATURE (F)   69        91      2012
 MINIMUM TEMPERATURE (F)   39        26      1985


SUNRISE AND SUNSET
APRIL 22 2018.........SUNRISE   557 AM PDT   SUNSET   753 PM PDT
APRIL 23 2018.........SUNRISE   556 AM PDT   SUNSET   755 PM PDT


-  INDICATES NEGATIVE NUMBERS.
R  INDICATES RECORD WAS SET OR TIED.
MM INDICATES DATA IS MISSING.
T  INDICATES TRACE AMOUNT.




$$
