000
CDUS45 KPUB 220029
CLIPUB


CLIMATE REPORT
NATIONAL WEATHER SERVICE PUEBLO
628 PM MDT SAT APR 21 2018


...................................

...THE PUEBLO CO CLIMATE SUMMARY FOR APRIL 21 2018...
VALID TODAY AS OF 0500 PM LOCAL TIME.

CLIMATE NORMAL PERIOD 1981 TO 2010
CLIMATE RECORD PERIOD 1888 TO 2018


WEATHER ITEM   OBSERVED TIME   RECORD YEAR NORMAL DEPARTURE LAST
                VALUE   (LST)  VALUE       VALUE  FROM      YEAR
                                                  NORMAL
..................................................................
TEMPERATURE (F)
 TODAY
  MAXIMUM         49    459 PM  93    1989  69    -20       61
  MINIMUM         40    651 AM  12    1907  36      4       41
  AVERAGE         45                        52     -7       51

PRECIPITATION (IN)
  TODAY            0.07          1.00 1952   0.06   0.01     0.18
  MONTH TO DATE    0.37                      0.91  -0.54     2.24
  SINCE MAR 1      0.43                      1.84  -1.41     3.19
  SINCE JAN 1      1.24                      2.49  -1.25     4.11

SNOWFALL (IN)
  TODAY            0.0           6.9  1995   0.1   -0.1      0.0
  MONTH TO DATE    T                         2.9   -2.9      5.6
  SINCE MAR 1      T                         8.6   -8.6      5.6
  SINCE JUL 1     13.7                      30.4  -16.7     19.8
  SNOW DEPTH       0

DEGREE DAYS
 HEATING
  TODAY           20                        13      7       14
  MONTH TO DATE  322                       334    -12      225
  SINCE MAR 1    920                      1036   -116      701
  SINCE JUL 1   4736                      5339   -603     4201

 COOLING
  TODAY            0                         0      0        0
  MONTH TO DATE    0                         0      0        0
  SINCE MAR 1      0                         0      0        0
  SINCE JAN 1      0                         0      0        0
..................................................................


WIND (MPH)
  HIGHEST WIND SPEED    22   HIGHEST WIND DIRECTION     N (10)
  HIGHEST GUST SPEED    26   HIGHEST GUST DIRECTION     N (10)
  AVERAGE WIND SPEED     8.4


SKY COVER
  POSSIBLE SUNSHINE  MM
  AVERAGE SKY COVER 0.9


WEATHER CONDITIONS
 THE FOLLOWING WEATHER WAS RECORDED TODAY.
  RAIN
  LIGHT RAIN
  FOG


RELATIVE HUMIDITY (PERCENT)
 HIGHEST    86           500 AM
 LOWEST     56          1100 AM
 AVERAGE    71

..........................................................


THE PUEBLO CO CLIMATE NORMALS FOR TOMORROW
                         NORMAL    RECORD    YEAR
 MAXIMUM TEMPERATURE (F)   69        88      1965
 MINIMUM TEMPERATURE (F)   36        22      1982


SUNRISE AND SUNSET
APRIL 21 2018.........SUNRISE   614 AM MDT   SUNSET   740 PM MDT
APRIL 22 2018.........SUNRISE   613 AM MDT   SUNSET   741 PM MDT


-  INDICATES NEGATIVE NUMBERS.
R  INDICATES RECORD WAS SET OR TIED.
MM INDICATES DATA IS MISSING.
T  INDICATES TRACE AMOUNT.




$$
