015
CDUS46 KSGX 251130
CLIRAL


CLIMATE REPORT
NATIONAL WEATHER SERVICE SAN DIEGO, CA
430 AM PDT WED APR 25 2018


...................................

...THE RIVERSIDE MUNI AIRPORT CA CLIMATE SUMMARY FOR APRIL 24 2018...

CLIMATE NORMAL PERIOD 1981 TO 2010
CLIMATE RECORD PERIOD 1893 TO 2018


WEATHER ITEM   OBSERVED TIME   RECORD YEAR NORMAL DEPARTURE LAST
                VALUE   (LST)  VALUE       VALUE  FROM      YEAR
                                                  NORMAL
..................................................................
TEMPERATURE (F)
 YESTERDAY
  MAXIMUM         85    158 PM 102    1910  77      8       74
  MINIMUM         52    519 AM  38    1963  52      0       56
                                      1961
                                      1937
  AVERAGE         69                        64      5       65

PRECIPITATION (IN)
  YESTERDAY        0.00          0.16 1999   0.04  -0.04     0.00
  MONTH TO DATE    T                         0.64  -0.64     0.10
  SINCE OCT 1      4.08                     11.44  -7.36    13.19
  SINCE JAN 1      4.05                      8.63  -4.58     7.93

DEGREE DAYS
 HEATING
  YESTERDAY        0                         3     -3        0
  MONTH TO DATE   39                        94    -55       30
  SINCE MAR 1    224                       299    -75      128
  SINCE JUL 1    784                      1407   -623     1092

 COOLING
  YESTERDAY        4                         2      2        0
  MONTH TO DATE   66                        30     36       57
  SINCE MAR 1     78                        42     36      116
  SINCE JAN 1    114                        51     63      116
..................................................................


WIND (MPH)
  RESULTANT WIND SPEED   4   RESULTANT WIND DIRECTION   W (280)
  HIGHEST WIND SPEED    18   HIGHEST WIND DIRECTION     W (270)
  HIGHEST GUST SPEED    24   HIGHEST GUST DIRECTION     W (260)
  AVERAGE WIND SPEED     5.0


SKY COVER
  POSSIBLE SUNSHINE  MM
  AVERAGE SKY COVER 0.2


WEATHER CONDITIONS
 THE FOLLOWING WEATHER WAS RECORDED YESTERDAY.
  NO SIGNIFICANT WEATHER WAS OBSERVED.


RELATIVE HUMIDITY (PERCENT)
 HIGHEST    77           200 AM
 LOWEST     12           100 PM
 AVERAGE    45

..........................................................


THE RIVERSIDE MUNI AIRPORT CA CLIMATE NORMALS FOR TODAY
                         NORMAL    RECORD    YEAR
 MAXIMUM TEMPERATURE (F)   77        96      2004
                                             1913
 MINIMUM TEMPERATURE (F)   52        37      1942


SUNRISE AND SUNSET
APRIL 25 2018.........SUNRISE   607 AM PDT   SUNSET   729 PM PDT
APRIL 26 2018.........SUNRISE   606 AM PDT   SUNSET   730 PM PDT


-  INDICATES NEGATIVE NUMBERS.
R  INDICATES RECORD WAS SET OR TIED.
MM INDICATES DATA IS MISSING.
T  INDICATES TRACE AMOUNT.




$$
