000
CDUS46 KSTO 230842
CLIRDD

CLIMATE REPORT
NATIONAL WEATHER SERVICE SACRAMENTO, CA
141 AM PDT MON APR 23 2018


...................................

...THE REDDING AIRPORT CA CLIMATE SUMMARY FOR APRIL 22 2018...

CLIMATE NORMAL PERIOD 1981 TO 2010
CLIMATE RECORD PERIOD 1986 TO 2018


WEATHER ITEM   OBSERVED RECORD YEAR NORMAL DEPARTURE LAST
                VALUE   VALUE       VALUE  FROM      YEAR
                                           NORMAL
...........................................................
TEMPERATURE (F)
 YESTERDAY
  MAXIMUM         86     92    2009  72     14       71
  MINIMUM         50     41    2001  47      3       49
                               1989
  AVERAGE         68

PRECIPITATION (IN)
  YESTERDAY        0.00   2.81 2016   0.08  -0.08     0.03
  MONTH TO DATE    4.05               1.87   2.18     3.64
  SINCE OCT 1     18.58              30.56 -11.98    45.94
  SINCE JAN 1     12.91              17.71  -4.80    27.21

SNOWFALL (IN)
  YESTERDAY        0.0   MM      MM  MM               0.0
  MONTH TO DATE    0.0               MM               0.0
  SINCE MAR 1      0.0               MM               0.0
  SINCE JUL 1      0.0               MM               3.0

DEGREE DAYS
 HEATING
  YESTERDAY        0

 COOLING
  YESTERDAY        3
...........................................................


WIND (MPH)
  RESULTANT WIND SPEED   5   RESULTANT WIND DIRECTION   N (350)
  HIGHEST WIND SPEED    16   HIGHEST WIND DIRECTION     N (350)
  HIGHEST GUST SPEED    21   HIGHEST GUST DIRECTION     N (350)


SKY COVER
  POSSIBLE SUNSHINE  MM
  AVERAGE SKY COVER 0.0


WEATHER CONDITIONS
 THE FOLLOWING WEATHER WAS RECORDED YESTERDAY.
  NO SIGNIFICANT WEATHER WAS OBSERVED.


RELATIVE HUMIDITY (PERCENT)
 HIGHEST    83
 LOWEST     13
 AVERAGE    48

..........................................................


THE REDDING AIRPORT CA CLIMATE NORMALS FOR TODAY
                         NORMAL    RECORD    YEAR
 MAXIMUM TEMPERATURE (F)   73        86      2002
 MINIMUM TEMPERATURE (F)   47        40      2014
                                             2008
                                             2007


SUNRISE AND SUNSET
APRIL 23 2018.........SUNRISE   619 AM PDT   SUNSET   757 PM PDT
APRIL 24 2018.........SUNRISE   617 AM PDT   SUNSET   758 PM PDT


-  INDICATES NEGATIVE NUMBERS.
R  INDICATES RECORD WAS SET OR TIED.
MM INDICATES DATA IS MISSING.
T  INDICATES TRACE AMOUNT.

&&
....................................................................

REDDING CITY CLIMATE DATA FOR APRIL 22

CLIMATE RECORD PERIOD 1897-1986

RECORD HIGH..............     94 IN 1953
RECORD LOW...............     35 IN 1961
RECORD RAINFALL..........   1.13 IN 1948

$$
