000
CDUS46 KPDT 240843 RRA
CLIRDM

CLIMATE REPORT
NATIONAL WEATHER SERVICE PENDLETON OR
139 AM PDT THU MAY 24 2018


...................................

...THE REDMOND OR CLIMATE SUMMARY FOR MAY 23 2018...

CLIMATE NORMAL PERIOD 1981 TO 2010
CLIMATE RECORD PERIOD 1949 TO 2018


WEATHER ITEM   OBSERVED TIME   RECORD YEAR NORMAL DEPARTURE LAST
                VALUE   (LST)  VALUE       VALUE  FROM      YEAR
                                                  NORMAL
..................................................................
TEMPERATURE (F)
 YESTERDAY
  MAXIMUM         83   1137 AM  90    2017  70     13       90
  MINIMUM         48    445 AM  18    1964  37     11       44
  AVERAGE         66                        53     13       67

PRECIPITATION (IN)
  YESTERDAY        0.12          0.33 1987   0.04   0.08     0.00
  MONTH TO DATE    0.66                      0.73  -0.07     0.13
  SINCE OCT 1      3.67                      6.50  -2.83     8.10
  SINCE JAN 1      2.56                      3.74  -1.18     4.35

DEGREE DAYS
 HEATING
  YESTERDAY        0                        12    -12        0
  MONTH TO DATE  146                       338   -192      305
  SINCE MAR 1   1480                      1736   -256     1625
  SINCE JUL 1   5910                      6409   -499     6502

 COOLING
  YESTERDAY        1                         0      1        2
  MONTH TO DATE    4                         0      4        4
  SINCE MAR 1      4                         0      4        4
  SINCE JAN 1      4                         0      4        4
..................................................................


WIND (MPH)
  RESULTANT WIND SPEED   1   RESULTANT WIND DIRECTION   S (170)
  HIGHEST WIND SPEED    23   HIGHEST WIND DIRECTION     W (270)
  HIGHEST GUST SPEED    28   HIGHEST GUST DIRECTION     W (270)
  AVERAGE WIND SPEED     5.9


SKY COVER
  POSSIBLE SUNSHINE  MM
  AVERAGE SKY COVER 0.3


WEATHER CONDITIONS
 THE FOLLOWING WEATHER WAS RECORDED YESTERDAY.
  THUNDERSTORM
  RAIN
  LIGHT RAIN


RELATIVE HUMIDITY (PERCENT)
 HIGHEST    80          1000 PM
 LOWEST     28          1100 AM
 AVERAGE    54

..........................................................


THE REDMOND OR CLIMATE NORMALS FOR TODAY
                         NORMAL    RECORD    YEAR
 MAXIMUM TEMPERATURE (F)   70        93      1999
 MINIMUM TEMPERATURE (F)   37        25      1978


SUNRISE AND SUNSET
MAY 24 2018...........SUNRISE   529 AM PDT   SUNSET   834 PM PDT
MAY 25 2018...........SUNRISE   528 AM PDT   SUNSET   835 PM PDT


-  INDICATES NEGATIVE NUMBERS.
R  INDICATES RECORD WAS SET OR TIED.
MM INDICATES DATA IS MISSING.
T  INDICATES TRACE AMOUNT.




$$
