000
CDUS46 KBOI 230931
CLIREO


CLIMATE REPORT
NATIONAL WEATHER SERVICE BOISE ID
331 AM MDT SAT JUN 23 2018


...................................

...THE ROME OR CLIMATE SUMMARY FOR JUNE 22 2018...

CLIMATE NORMAL PERIOD 1981 TO 2010
CLIMATE RECORD PERIOD 9999 TO 9999


WEATHER ITEM   OBSERVED TIME   NORMAL DEPARTURE LAST
                VALUE   (LST)  VALUE  FROM      YEAR
                                      NORMAL
......................................................
TEMPERATURE (F)
 YESTERDAY
  MAXIMUM         90    406 PM  84      6       85
  MINIMUM         52    348 AM  47      5       50
  AVERAGE         71            65      6       68

PRECIPITATION (IN)
  YESTERDAY        0.00          0.02  -0.02     0.00
  MONTH TO DATE    1.11          0.68   0.43     1.48
  SINCE OCT 1      5.65          7.67  -2.02     9.05
  SINCE JAN 1      3.77          5.48  -1.71     6.67

DEGREE DAYS
 HEATING
  YESTERDAY        0             2     -2        0
  MONTH TO DATE   54           111    -57       59
  SINCE JUN 1     54           111    -57       59
  SINCE JUL 1   5763          6567   -804     5993

 COOLING
  YESTERDAY        6             3      3        3
  MONTH TO DATE   51            33     18       83
  SINCE JUN 1     51            33     18       83
  SINCE JAN 1     62            43     19      106
......................................................


WIND (MPH)
  RESULTANT WIND SPEED   5   RESULTANT WIND DIRECTION   W (260)
  HIGHEST WIND SPEED    24   HIGHEST WIND DIRECTION    SW (230)
  HIGHEST GUST SPEED    30   HIGHEST GUST DIRECTION    SW (240)
  AVERAGE WIND SPEED     7.7


SKY COVER
  AVERAGE SKY COVER 0.0


WEATHER CONDITIONS
 THE FOLLOWING WEATHER WAS RECORDED YESTERDAY.
  NO SIGNIFICANT WEATHER WAS OBSERVED.


RELATIVE HUMIDITY (PERCENT)
 HIGHEST    83           200 AM
 LOWEST      8           200 PM
 AVERAGE    46

..........................................................


THE ROME OR CLIMATE NORMALS FOR TODAY
                         NORMAL    RECORD    YEAR
 MAXIMUM TEMPERATURE (F)   85        MM        MM
 MINIMUM TEMPERATURE (F)   47        MM        MM


SUNRISE AND SUNSET
JUNE 23 2018..........SUNRISE   514 AM PDT   SUNSET   833 PM PDT
JUNE 24 2018..........SUNRISE   515 AM PDT   SUNSET   833 PM PDT


-  INDICATES NEGATIVE NUMBERS.
R  INDICATES RECORD WAS SET OR TIED.
MM INDICATES DATA IS MISSING.
T  INDICATES TRACE AMOUNT.




$$
