001
CDUS45 KRIW 190737
CLIRIW


CLIMATE REPORT
NATIONAL WEATHER SERVICE
736 AM UTC THU APR 19 2018


...................................

...THE RIVERTON WY CLIMATE SUMMARY FOR APRIL 18 2018...

CLIMATE NORMAL PERIOD 1981 TO 2010
CLIMATE RECORD PERIOD 1995 TO 2018


WEATHER ITEM   OBSERVED TIME   RECORD YEAR NORMAL DEPARTURE LAST
                VALUE   (LST)  VALUE       VALUE  FROM      YEAR
                                                  NORMAL
..................................................................
TEMPERATURE (F)
 YESTERDAY
  MAXIMUM         54    407 PM  78    2001  58     -4       62
  MINIMUM         23    605 AM  13    2013  32     -9       39
  AVERAGE         39                        45     -6       51

PRECIPITATION (IN)
  YESTERDAY        0.00          0.34 2017   0.05  -0.05     0.34
  MONTH TO DATE    0.21                      0.67  -0.46     1.09
  SINCE MAR 1      0.94                      1.22  -0.28     4.80
  SINCE JAN 1      2.10                      1.73   0.37     6.66

SNOWFALL (IN)
  YESTERDAY        0.0                                       0.0
  MONTH TO DATE    4.2                                       4.6
  SINCE MAR 1     11.7                                       4.6
  SINCE JUL 1     48.3                                      52.3
  SNOW DEPTH       0

DEGREE DAYS
 HEATING
  YESTERDAY       26                        20      6       14
  MONTH TO DATE  438                       405     33      354
  SINCE MAR 1   1335                      1323     12     1058
  SINCE JUL 1   7131                      7177    -46     6932

 COOLING
  YESTERDAY        0                         0      0        0
  MONTH TO DATE    0                         0      0        0
  SINCE MAR 1      0                         0      0        0
  SINCE JAN 1      0                         0      0        0
..................................................................


WIND (MPH)
  HIGHEST WIND SPEED    18   HIGHEST WIND DIRECTION    NW (300)
  HIGHEST GUST SPEED    22   HIGHEST GUST DIRECTION    NW (300)
  AVERAGE WIND SPEED     9.0


SKY COVER
  POSSIBLE SUNSHINE  MM
  AVERAGE SKY COVER 0.0


WEATHER CONDITIONS
 THE FOLLOWING WEATHER WAS RECORDED YESTERDAY.
  NO SIGNIFICANT WEATHER WAS OBSERVED.


RELATIVE HUMIDITY (PERCENT)
 HIGHEST    59           600 AM
 LOWEST     22           500 PM
 AVERAGE    41

..........................................................


THE RIVERTON WY CLIMATE NORMALS FOR TODAY
                         NORMAL    RECORD    YEAR
 MAXIMUM TEMPERATURE (F)   58        72      2010
                                             2008
 MINIMUM TEMPERATURE (F)   32        22      2002


SUNRISE AND SUNSET
APRIL 19 2018.........SUNRISE   625 AM MDT   SUNSET   801 PM MDT
APRIL 20 2018.........SUNRISE   624 AM MDT   SUNSET   802 PM MDT


-  INDICATES NEGATIVE NUMBERS.
R  INDICATES RECORD WAS SET OR TIED.
MM INDICATES DATA IS MISSING.
T  INDICATES TRACE AMOUNT.




$$
