377
CDUS42 KFFC 232042
CLIRMG


CLIMATE REPORT
NATIONAL WEATHER SERVICE PEACHTREE CITY GA
442 PM EDT MON APR 23 2018


...................................

...THE ROME  CLIMATE SUMMARY FOR APRIL 23 2018...
VALID TODAY AS OF 0400 PM LOCAL TIME.

CLIMATE NORMAL PERIOD 1981 TO 2010
CLIMATE RECORD PERIOD 9999 TO 9999


WEATHER ITEM   OBSERVED TIME   RECORD YEAR NORMAL DEPARTURE LAST
                VALUE   (LST)  VALUE       VALUE  FROM      YEAR
                                                  NORMAL
..................................................................
TEMPERATURE (F)
 TODAY
  MAXIMUM         68    319 PM  MM      MM  75     -7       69
  MINIMUM         59    731 AM  MM      MM  49     10       56
  AVERAGE         64                        62      2       63

PRECIPITATION (IN)
  TODAY            0.56         MM      MM   0.16   0.40     1.31
  MONTH TO DATE    3.07                      2.94   0.13     5.40
  SINCE MAR 1      6.81                      7.89  -1.08     9.71
  SINCE JAN 1     15.64                     17.58  -1.94    20.97

SNOWFALL (IN)
  TODAY            0.0          MM      MM  MM     MM        0.0
  MONTH TO DATE    0.0                      MM     MM        0.0
  SINCE MAR 1      0.0                      MM     MM        0.0
  SINCE JUL 1      0.0                      MM     MM         T
  SNOW DEPTH       0

DEGREE DAYS
 HEATING
  TODAY            1                         5     -4        2
  MONTH TO DATE  171                       160     11       57
  SINCE MAR 1    570                       565      5      372
  SINCE JUL 1   2859                      3187   -328     2081

 COOLING
  TODAY            0                         1     -1        0
  MONTH TO DATE    7                        19    -12       76
  SINCE MAR 1     10                        23    -13      103
  SINCE JAN 1     36                        23     13      103
..................................................................


WIND (MPH)
  RESULTANT WIND SPEED   8   RESULTANT WIND DIRECTION  SE (120)
  HIGHEST WIND SPEED    21   HIGHEST WIND DIRECTION    SE (120)
  HIGHEST GUST SPEED    28   HIGHEST GUST DIRECTION     E (110)
  AVERAGE WIND SPEED     8.6


SKY COVER
  AVERAGE SKY COVER 1.0


WEATHER CONDITIONS
 THE FOLLOWING WEATHER WAS RECORDED TODAY.
  RAIN
  LIGHT RAIN
  FOG


RELATIVE HUMIDITY (PERCENT)
 HIGHEST   100           400 AM
 LOWEST     81           300 PM
 AVERAGE    91

..........................................................


THE ROME  CLIMATE NORMALS FOR TOMORROW
                         NORMAL    RECORD    YEAR
 MAXIMUM TEMPERATURE (F)   75        MM        MM
 MINIMUM TEMPERATURE (F)   49        MM        MM


SUNRISE AND SUNSET
APRIL 23 2018.........SUNRISE   700 AM EDT   SUNSET   819 PM EDT
APRIL 24 2018.........SUNRISE   659 AM EDT   SUNSET   820 PM EDT


-  INDICATES NEGATIVE NUMBERS.
R  INDICATES RECORD WAS SET OR TIED.
MM INDICATES DATA IS MISSING.
T  INDICATES TRACE AMOUNT.




$$
