000
CDUS45 KREV 210839
CLIRNO


CLIMATE REPORT
NATIONAL WEATHER SERVICE RENO NV
139 AM PDT SAT APR 21 2018


...................................

...THE RENO-TAHOE INTL AIRPORT NV CLIMATE SUMMARY FOR APRIL 20 2018...

CLIMATE NORMAL PERIOD 1981 TO 2010
CLIMATE RECORD PERIOD 1888 TO 2018


WEATHER ITEM   OBSERVED TIME   RECORD YEAR NORMAL DEPARTURE LAST
                VALUE   (LST)  VALUE       VALUE  FROM      YEAR
                                                  NORMAL
..................................................................
TEMPERATURE (F)
 YESTERDAY
  MAXIMUM         69    425 PM  84    2012  65      4       61
                                      2009
  MINIMUM         33    444 AM  16    1896  39     -6       42
  AVERAGE         51                        52     -1       52

PRECIPITATION (IN)
  YESTERDAY        0.00          1.18 1900   0.02  -0.02     0.00
  MONTH TO DATE    0.51                      0.32   0.19     0.65
  SINCE OCT 1      5.30                      5.49  -0.19    14.30
  SINCE JAN 1      3.73                      3.13   0.60    10.51

SNOWFALL (IN)
  YESTERDAY        0.0           2.6  1963   0.0    0.0      0.0
  MONTH TO DATE    0.2                       0.4   -0.2       T
  SINCE MAR 1     20.1                       2.4   17.7      2.9
  SINCE JUL 1     24.9                      21.4    3.5     27.0
  SNOW DEPTH       0

DEGREE DAYS
 HEATING
  YESTERDAY       14                        13      1       13
  MONTH TO DATE  275                       308    -33      285
  SINCE MAR 1    966                       906     60      786
  SINCE JUL 1   4233                      4544   -311     4159

 COOLING
  YESTERDAY        0                         0      0        0
  MONTH TO DATE    0                         0      0        0
  SINCE MAR 1      0                         0      0        0
  SINCE JAN 1      0                         0      0        0
..................................................................


WIND (MPH)
  RESULTANT WIND SPEED   2   RESULTANT WIND DIRECTION   E (80)
  HIGHEST WIND SPEED    12   HIGHEST WIND DIRECTION    NE (50)
  HIGHEST GUST SPEED    15   HIGHEST GUST DIRECTION    NE (50)
  AVERAGE WIND SPEED     3.1



WEATHER CONDITIONS
 THE FOLLOWING WEATHER WAS RECORDED YESTERDAY.
  NO SIGNIFICANT WEATHER WAS OBSERVED.


RELATIVE HUMIDITY (PERCENT)
 HIGHEST    82           400 AM
 LOWEST     11           200 PM
 AVERAGE    47

..........................................................


THE RENO-TAHOE INTL AIRPORT NV CLIMATE NORMALS FOR TODAY
                         NORMAL    RECORD    YEAR
 MAXIMUM TEMPERATURE (F)   65        88      2012
 MINIMUM TEMPERATURE (F)   39        14      1963
                                             1896


SUNRISE AND SUNSET
APRIL 21 2018.........SUNRISE   613 AM PDT   SUNSET   743 PM PDT
APRIL 22 2018.........SUNRISE   612 AM PDT   SUNSET   744 PM PDT


-  INDICATES NEGATIVE NUMBERS.
R  INDICATES RECORD WAS SET OR TIED.
MM INDICATES DATA IS MISSING.
T  INDICATES TRACE AMOUNT.




$$
