000
CDUS42 KCHS 240613
CLISAV


CLIMATE REPORT
NATIONAL WEATHER SERVICE CHARLESTON SC
213 AM EDT TUE APR 24 2018


...................................

...THE SAVANNAH GA CLIMATE SUMMARY FOR APRIL 23 2018...

CLIMATE NORMAL PERIOD 1981 TO 2010
CLIMATE RECORD PERIOD 1871 TO 2018


WEATHER ITEM   OBSERVED TIME   RECORD YEAR NORMAL DEPARTURE LAST
                VALUE   (LST)  VALUE       VALUE  FROM      YEAR
                                                  NORMAL
..................................................................
TEMPERATURE (F)
 YESTERDAY
  MAXIMUM         73    435 PM  92    1980  79     -6       88
  MINIMUM         64    748 AM  38    1993  55      9       68
  AVERAGE         69                        67      2       78

PRECIPITATION (IN)
  YESTERDAY        3.13          3.17 1983   0.10   3.03     0.04
  MONTH TO DATE    4.33                      2.45   1.88     2.88
  SINCE MAR 1      5.55                      6.18  -0.63     3.38
  SINCE JAN 1      8.38                     12.66  -4.28    12.21

SNOWFALL (IN)
  YESTERDAY        0.0                       0.0    0.0
  SINCE MAR 1      0.0                       T      0.0
  SINCE JUL 1      1.2                       0.3    0.9

DEGREE DAYS
 HEATING
  YESTERDAY        0                         2     -2        0
  MONTH TO DATE   85                        68     17       19
  SINCE MAR 1    327                       278     49      212
  SINCE JUL 1   1602                      1795   -193     1022

 COOLING
  YESTERDAY        4                         4      0       13
  MONTH TO DATE   50                        63    -13      127
  SINCE MAR 1     82                        95    -13      202
  SINCE JAN 1    164                       105     59      260
..................................................................


WIND (MPH)
  HIGHEST WIND SPEED    26   HIGHEST WIND DIRECTION     E (80)
  HIGHEST GUST SPEED    32   HIGHEST GUST DIRECTION     E (80)
  AVERAGE WIND SPEED    12.0


SKY COVER
  POSSIBLE SUNSHINE  MM
  AVERAGE SKY COVER 1.0


WEATHER CONDITIONS
 THE FOLLOWING WEATHER WAS RECORDED YESTERDAY.
  HEAVY RAIN
  RAIN
  LIGHT RAIN
  FOG
  FOG W/VISIBILITY <= 1/4 MILE


RELATIVE HUMIDITY (PERCENT)
 HIGHEST   100           800 AM
 LOWEST     90           500 PM
 AVERAGE    95

..........................................................


THE SAVANNAH GA CLIMATE NORMALS FOR TODAY
                         NORMAL    RECORD    YEAR
 MAXIMUM TEMPERATURE (F)   80        94      1958
 MINIMUM TEMPERATURE (F)   56        38      1986


SUNRISE AND SUNSET
APRIL 24 2018.........SUNRISE   646 AM EDT   SUNSET   801 PM EDT
APRIL 25 2018.........SUNRISE   645 AM EDT   SUNSET   801 PM EDT


-  INDICATES NEGATIVE NUMBERS.
R  INDICATES RECORD WAS SET OR TIED.
MM INDICATES DATA IS MISSING.
T  INDICATES TRACE AMOUNT.




$$
