000
CDUS41 KAKQ 250545
CLISBY


CLIMATE REPORT
NATIONAL WEATHER SERVICE WAKEFIELD, VA
145 AM EDT FRI MAY 25 2018


...................................

...THE SALISBURY MD CLIMATE SUMMARY FOR MAY 24 2018...

CLIMATE NORMAL PERIOD 1981 TO 2010
CLIMATE RECORD PERIOD 1900 TO 2018


WEATHER ITEM   OBSERVED TIME   RECORD YEAR NORMAL DEPARTURE LAST
                VALUE   (LST)  VALUE       VALUE  FROM      YEAR
                                                  NORMAL
..................................................................
TEMPERATURE (F)
 YESTERDAY
  MAXIMUM         84    242 PM  91    1992  76      8       63
                                      1964
                                      1936
  MINIMUM         58    401 AM  38    1926  54      4       55
  AVERAGE         71                        65      6       59

PRECIPITATION (IN)
  YESTERDAY        0.00          1.48 1978   0.13  -0.13     0.35
  MONTH TO DATE    8.63                      2.73   5.90     4.38
  SINCE MAR 1     13.98                     10.70   3.28    11.03
  SINCE JAN 1     20.23                     17.66   2.57    15.83

SNOWFALL (IN)
  YESTERDAY        0.0           0.0  2002   0.0    0.0
                                      2001
  MONTH TO DATE    0.0                       0.0    0.0
  SINCE NOV 1     17.2                       9.3    7.9
  SINCE JUL 1     17.2                       9.3    7.9
  SNOW DEPTH       0

DEGREE DAYS
 HEATING
  YESTERDAY        0                         3     -3        6
  MONTH TO DATE   24                       124   -100      131
  SINCE MAR 1   1145                      1099     46      935
  SINCE JUL 1   4192                      4404   -212     3686

 COOLING
  YESTERDAY        6                         3      3        0
  MONTH TO DATE  105                        41     64       49
  SINCE MAR 1    115                        58     57      119
  SINCE JAN 1    119                        58     61      119
..................................................................


WIND (MPH)
  HIGHEST WIND SPEED    13   HIGHEST WIND DIRECTION    SE (130)
  HIGHEST GUST SPEED    17   HIGHEST GUST DIRECTION    NE (50)
  AVERAGE WIND SPEED     4.9


SKY COVER
  POSSIBLE SUNSHINE  MM
  AVERAGE SKY COVER 0.0


WEATHER CONDITIONS
 THE FOLLOWING WEATHER WAS RECORDED YESTERDAY.
  NO SIGNIFICANT WEATHER WAS OBSERVED.


RELATIVE HUMIDITY (PERCENT)
 HIGHEST   100           300 AM
 LOWEST     31           200 PM
 AVERAGE    66

..........................................................


THE SALISBURY MD CLIMATE NORMALS FOR TODAY
                         NORMAL    RECORD    YEAR
 MAXIMUM TEMPERATURE (F)   76        92      1995
 MINIMUM TEMPERATURE (F)   54        37      1956
                                             1923


SUNRISE AND SUNSET
MAY 25 2018...........SUNRISE   544 AM EDT   SUNSET   815 PM EDT
MAY 26 2018...........SUNRISE   543 AM EDT   SUNSET   816 PM EDT


-  INDICATES NEGATIVE NUMBERS.
R  INDICATES RECORD WAS SET OR TIED.
MM INDICATES DATA IS MISSING.
T  INDICATES TRACE AMOUNT.




$$
