000
CDUS43 KLMK 212043
CLISDF


CLIMATE REPORT
NATIONAL WEATHER SERVICE LOUISVILLE KY
438 PM EDT MON MAY 21 2018


...................................

...THE LOUISVILLE KY CLIMATE SUMMARY FOR MAY 21 2018...
VALID TODAY AS OF 0400 PM LOCAL TIME.

CLIMATE NORMAL PERIOD 1981 TO 2010
CLIMATE RECORD PERIOD 1871 TO 2018


WEATHER ITEM   OBSERVED TIME   RECORD YEAR NORMAL DEPARTURE LAST
                VALUE   (LST)  VALUE       VALUE  FROM      YEAR
                                                  NORMAL
..................................................................
TEMPERATURE (F)
 TODAY
  MAXIMUM         88    319 PM  93    1941  78     10       82
  MINIMUM         70    635 AM  38    2002  59     11       64
                                      1883
  AVERAGE         79                        68     11       73

PRECIPITATION (IN)
  TODAY            0.00          2.17 1990   0.16  -0.16     1.01
  MONTH TO DATE    3.59                      3.66  -0.07     3.95
  SINCE MAR 1     12.04                     11.84   0.20    12.10
  SINCE JAN 1     24.34                     18.26   6.08    18.37

SNOWFALL (IN)
  TODAY            0.0          MM      MM   0.0    0.0      0.0
  MONTH TO DATE    0.0                       0.0    0.0      0.0
  SINCE MAR 1     13.1                       1.5   11.6       T
  SINCE JUL 1     19.1                      12.5    6.6      2.7
  SNOW DEPTH       0

DEGREE DAYS
 HEATING
  TODAY            0                         2     -2        0
  MONTH TO DATE    0                        58    -58       70
  SINCE MAR 1    971                       842    129      618
  SINCE JUL 1   4059                      4083    -24     3083

 COOLING
  TODAY           14                         5      9        8
  MONTH TO DATE  212                        69    143      114
  SINCE MAR 1    231                       112    119      232
  SINCE JAN 1    243                       112    131      237
..................................................................


WIND (MPH)
  HIGHEST WIND SPEED    15   HIGHEST WIND DIRECTION     S (170)
  HIGHEST GUST SPEED    22   HIGHEST GUST DIRECTION     S (180)
  AVERAGE WIND SPEED     4.2


SKY COVER
  POSSIBLE SUNSHINE  MM
  AVERAGE SKY COVER 0.7


WEATHER CONDITIONS
 THE FOLLOWING WEATHER WAS RECORDED TODAY.
  NO SIGNIFICANT WEATHER WAS OBSERVED.


RELATIVE HUMIDITY (PERCENT)
 HIGHEST    84           600 AM
 LOWEST     46           300 PM
 AVERAGE    65

..........................................................


THE LOUISVILLE KY CLIMATE NORMALS FOR TOMORROW
                         NORMAL    RECORD    YEAR
 MAXIMUM TEMPERATURE (F)   79        94      1941
 MINIMUM TEMPERATURE (F)   59        36      2002


SUNRISE AND SUNSET
MAY 21 2018...........SUNRISE   627 AM EDT   SUNSET   852 PM EDT
MAY 22 2018...........SUNRISE   627 AM EDT   SUNSET   853 PM EDT


-  INDICATES NEGATIVE NUMBERS.
R  INDICATES RECORD WAS SET OR TIED.
MM INDICATES DATA IS MISSING.
T  INDICATES TRACE AMOUNT.




$$
