000
CDUS46 KSEW 260833
CLISEW


CLIMATE REPORT
NATIONAL WEATHER SERVICE SEATTLE WA
133 AM PDT THU APR 26 2018


...................................

...THE SEATTLE WA WFO CLIMATE SUMMARY FOR APRIL 25 2018...

CLIMATE NORMAL PERIOD 1981 TO 2010
CLIMATE RECORD PERIOD 1986 TO 2018


WEATHER ITEM   OBSERVED TIME   RECORD YEAR     LAST
                VALUE   (LST)  VALUE           YEAR
....................................................
TEMPERATURE (F)
 YESTERDAY
  MAXIMUM         72        MM  78    1992    57
  MINIMUM         45        MM  37    2002    48
  AVERAGE         59                          53

PRECIPITATION (IN)
  YESTERDAY        0.00          0.57 1993     0.02
  MONTH TO DATE    5.35                        3.42
  SINCE OCT 1     36.57                       43.49
  SINCE JAN 1     19.70                       21.77

SNOWFALL (IN)
  YESTERDAY        0.0                         0.0
  MONTH TO DATE    0.0                         0.0
  SINCE OCT 1      4.0                         3.6
  SINCE JUL 1      4.0                         3.6
  SNOW DEPTH      MM

DEGREE DAYS
 HEATING
  YESTERDAY        6                          12
  MONTH TO DATE  373                         345
  SINCE MAR 1    948                         910
  SINCE JUL 1   3943                        3990

 COOLING
  YESTERDAY        0                           0
  MONTH TO DATE    0                           0
  SINCE MAR 1      0                           0
  SINCE JAN 1      0                           0
....................................................


WIND (MPH)
  HIGHEST WIND SPEED    MM   HIGHEST WIND DIRECTION    MM
  HIGHEST GUST SPEED    MM   HIGHEST GUST DIRECTION    MM
  AVERAGE WIND SPEED    MM



WEATHER CONDITIONS
 THE FOLLOWING WEATHER WAS RECORDED YESTERDAY.
  NO SIGNIFICANT WEATHER WAS OBSERVED.






-  INDICATES NEGATIVE NUMBERS.
R  INDICATES RECORD WAS SET OR TIED.
MM INDICATES DATA IS MISSING.
T  INDICATES TRACE AMOUNT.




$$
