318
CDUS46 KMTR 240034
CLISFD


CLIMATE REPORT
NATIONAL WEATHER SERVICE SAN FRANCISCO BAY AREA
534 PM PDT MON APR 23 2018


...................................

...THE SAN FRANCISCO DWTN CA CLIMATE SUMMARY FOR APRIL 23 2018...
VALID TODAY AS OF 0500 PM LOCAL TIME.

CLIMATE NORMAL PERIOD 1981 TO 2010
CLIMATE RECORD PERIOD 1850 TO 2018


WEATHER ITEM   OBSERVED TIME   RECORD YEAR NORMAL DEPARTURE LAST
                VALUE   (LST)  VALUE       VALUE  FROM      YEAR
                                                  NORMAL
..................................................................
TEMPERATURE (F)
 TODAY
  MAXIMUM         70   1143 AM  87    1910  64      6       60
  MINIMUM         52    643 AM  43    1899  50      2       52
  AVERAGE         61                        57      4       56

PRECIPITATION (IN)
  TODAY            0.00          1.07 1983   0.04  -0.04     0.00
  MONTH TO DATE    3.91                      1.21   2.70     2.22
  SINCE OCT 1     17.37                     22.27  -4.90    32.20
  SINCE JAN 1     14.08                     13.43   0.65    23.17

DEGREE DAYS
 HEATING
  TODAY            4                        MM     MM        9
  MONTH TO DATE  191                        MM     MM      171
  SINCE MAR 1    506                        MM     MM      410
  SINCE JUL 1   1961                        MM     MM     2257

 COOLING
  TODAY            0                        MM     MM        0
  MONTH TO DATE    0                         0      0        0
  SINCE MAR 1      6                         0      6        1
  SINCE JAN 1      8                         0      8        1
..................................................................







THE SAN FRANCISCO DWTN CA CLIMATE NORMALS FOR TOMORROW
                         NORMAL    RECORD    YEAR
 MAXIMUM TEMPERATURE (F)   64        85      1913
 MINIMUM TEMPERATURE (F)   50        40      2009


SUNRISE AND SUNSET
APRIL 23 2018.........SUNRISE   624 AM PDT   SUNSET   753 PM PDT
APRIL 24 2018.........SUNRISE   622 AM PDT   SUNSET   754 PM PDT


-  INDICATES NEGATIVE NUMBERS.
R  INDICATES RECORD WAS SET OR TIED.
MM INDICATES DATA IS MISSING.
T  INDICATES TRACE AMOUNT.




$$
