000
CDUS46 KPQR 242327
CLISLE


CLIMATE REPORT
NATIONAL WEATHER SERVICE PORTLAND OREGON
427 PM PDT THU MAY 24 2018


...................................

...THE SALEM OR CLIMATE SUMMARY FOR MAY 24 2018...
VALID TODAY AS OF 0400 PM LOCAL TIME.

CLIMATE NORMAL PERIOD 1981 TO 2010
CLIMATE RECORD PERIOD 1892 TO 2018


WEATHER ITEM   OBSERVED TIME   RECORD YEAR NORMAL DEPARTURE LAST
                VALUE   (LST)  VALUE       VALUE  FROM      YEAR
                                                  NORMAL
..................................................................
TEMPERATURE (F)
 TODAY
  MAXIMUM         73    259 PM  93    1928  70      3       66
  MINIMUM         56    523 AM  34    1955  46     10       45
  AVERAGE         65                        58      7       56

PRECIPITATION (IN)
  TODAY            0.00          1.00 1899   0.07  -0.07     0.00
  MONTH TO DATE    0.19                      1.69  -1.50     1.62
  SINCE OCT 1     33.32                     35.40  -2.08    55.84
  SINCE JAN 1     18.22                     19.01  -0.79    32.54

DEGREE DAYS
 HEATING
  TODAY            0                         7     -7        9
  MONTH TO DATE   99                       231   -132      208
  SINCE MAR 1   1064                      1234   -170     1159
  SINCE JUL 1   3989                      4474   -485     4317

 COOLING
  TODAY            0                         0      0        0
  MONTH TO DATE   12                         0     12       20
  SINCE MAR 1     12                         0     12       20
  SINCE JAN 1     12                         0     12       20
..................................................................


WIND (MPH)
  HIGHEST WIND SPEED    12   HIGHEST WIND DIRECTION    NW (320)
  HIGHEST GUST SPEED    16   HIGHEST GUST DIRECTION    NW (320)
  AVERAGE WIND SPEED     4.1


SKY COVER
  POSSIBLE SUNSHINE  MM
  AVERAGE SKY COVER 0.9


WEATHER CONDITIONS
 THE FOLLOWING WEATHER WAS RECORDED TODAY.
  NO SIGNIFICANT WEATHER WAS OBSERVED.


RELATIVE HUMIDITY (PERCENT)
 HIGHEST    77           500 AM
 LOWEST     53           100 PM
 AVERAGE    65

..........................................................


THE SALEM OR CLIMATE NORMALS FOR TOMORROW
                         NORMAL    RECORD    YEAR
 MAXIMUM TEMPERATURE (F)   70        90      1947
 MINIMUM TEMPERATURE (F)   47        31      1920


SUNRISE AND SUNSET
MAY 24 2018...........SUNRISE   534 AM PDT   SUNSET   844 PM PDT
MAY 25 2018...........SUNRISE   533 AM PDT   SUNSET   845 PM PDT


-  INDICATES NEGATIVE NUMBERS.
R  INDICATES RECORD WAS SET OR TIED.
MM INDICATES DATA IS MISSING.
T  INDICATES TRACE AMOUNT.




$$
