000
CDUS46 KMTR 250845
CLISNS


CLIMATE REPORT
NATIONAL WEATHER SERVICE SAN FRANCISCO BAY AREA
144 AM PDT WED APR 25 2018


...................................

...THE SALINAS AIRPORT CLIMATE SUMMARY FOR APRIL 24 2018...

CLIMATE NORMAL PERIOD 1981 TO 2010
CLIMATE RECORD PERIOD 1930 TO 2018


WEATHER ITEM   OBSERVED TIME   RECORD YEAR NORMAL DEPARTURE LAST
                VALUE   (LST)  VALUE       VALUE  FROM      YEAR
                                                  NORMAL
..................................................................
TEMPERATURE (F)
 YESTERDAY
  MAXIMUM         64   1100 AM  84    1992  68     -4       63
  MINIMUM         50    719 AM  34    1937  47      3       51
  AVERAGE         57                        58     -1       57

PRECIPITATION (IN)
  YESTERDAY        0.00          0.22 1989   0.02  -0.02      T
  MONTH TO DATE    1.84                      0.81   1.03     0.84
  SINCE OCT 1      7.13                     12.07  -4.94    16.36
  SINCE JAN 1      6.35                      8.16  -1.81    12.36

DEGREE DAYS
 HEATING
  YESTERDAY        8                         8      0        8
  MONTH TO DATE  181                       210    -29      160
  SINCE MAR 1    497                       530    -33      399
  SINCE JUL 1   1885                      2344   -459     2161

 COOLING
  YESTERDAY        0                         0      0        0
  MONTH TO DATE    0                         0      0        3
  SINCE MAR 1      6                         1      5        4
  SINCE JAN 1      6                         1      5        4
..................................................................


WIND (MPH)
  RESULTANT WIND SPEED   4   RESULTANT WIND DIRECTION   W (290)
  HIGHEST WIND SPEED    17   HIGHEST WIND DIRECTION     W (270)
  HIGHEST GUST SPEED    22   HIGHEST GUST DIRECTION     W (280)
  AVERAGE WIND SPEED     7.5


SKY COVER
  POSSIBLE SUNSHINE  MM
  AVERAGE SKY COVER 0.4


WEATHER CONDITIONS
 THE FOLLOWING WEATHER WAS RECORDED YESTERDAY.
  FOG
  HAZE


RELATIVE HUMIDITY (PERCENT)
 HIGHEST    89          1200 AM
 LOWEST     60          1100 AM
 AVERAGE    75

..........................................................


THE SALINAS AIRPORT CLIMATE NORMALS FOR TODAY
                         NORMAL    RECORD    YEAR
 MAXIMUM TEMPERATURE (F)   68        91      2004
 MINIMUM TEMPERATURE (F)   47        34      1944


SUNRISE AND SUNSET
APRIL 25 2018.........SUNRISE   620 AM PDT   SUNSET   750 PM PDT
APRIL 26 2018.........SUNRISE   618 AM PDT   SUNSET   751 PM PDT


-  INDICATES NEGATIVE NUMBERS.
R  INDICATES RECORD WAS SET OR TIED.
MM INDICATES DATA IS MISSING.
T  INDICATES TRACE AMOUNT.




$$
