000
CDUS42 KJAX 220527
CLISSI


CLIMATE REPORT
NATIONAL WEATHER SERVICE JACKSONVILLE FL
126 AM EDT SUN APR 22 2018


...................................

...THE ST SIMONS ISLAND CLIMATE SUMMARY FOR APRIL 21 2018...

CLIMATE NORMAL PERIOD 1981 TO 2010
CLIMATE RECORD PERIOD 1948 TO 2018


WEATHER ITEM   OBSERVED TIME   RECORD YEAR NORMAL DEPARTURE LAST
                VALUE   (LST)  VALUE       VALUE  FROM      YEAR
                                                  NORMAL
..................................................................
TEMPERATURE (F)
 YESTERDAY
  MAXIMUM         69    509 PM  93    2002  76     -7       80
  MINIMUM         64    623 AM  40    1953  59      5       66
  AVERAGE         67                        68     -1       73

PRECIPITATION (IN)
  YESTERDAY        T             2.10 1992   0.08  -0.08     0.00
  MONTH TO DATE    2.89                      1.88   1.01     1.51
  SINCE MAR 1      4.69                      5.76  -1.07     2.17
  SINCE JAN 1      9.48                     12.45  -2.97     8.03

SNOWFALL (IN)
  YESTERDAY        0.0           0.0    MM                   0.0
  MONTH TO DATE    0.0                                       0.0
  SINCE MAR 1      0.0                                       0.0
  SINCE JUL 1      0.0                                       0.0
  SNOW DEPTH       0

DEGREE DAYS
 HEATING
  YESTERDAY        0                         1     -1        0
  MONTH TO DATE   45                        48     -3       12
  SINCE MAR 1    243                       225     18      166
  SINCE JUL 1   1296                      1476   -180      781

 COOLING
  YESTERDAY        2                         4     -2        8
  MONTH TO DATE   53                        59     -6      110
  SINCE MAR 1     84                        90     -6      195
  SINCE JAN 1    146                        99     47      247
..................................................................


WIND (MPH)
  HIGHEST WIND SPEED    23   HIGHEST WIND DIRECTION    NE (50)
  HIGHEST GUST SPEED    30   HIGHEST GUST DIRECTION    NE (60)
  AVERAGE WIND SPEED    13.1


SKY COVER
  POSSIBLE SUNSHINE  MM
  AVERAGE SKY COVER 1.0


WEATHER CONDITIONS
 THE FOLLOWING WEATHER WAS RECORDED YESTERDAY.
  LIGHT RAIN


RELATIVE HUMIDITY (PERCENT)
 HIGHEST    87           200 PM
 LOWEST     52           100 AM
 AVERAGE    70

..........................................................


THE ST SIMONS ISLAND CLIMATE NORMALS FOR TODAY
                         NORMAL    RECORD    YEAR
 MAXIMUM TEMPERATURE (F)   76        90      2002
 MINIMUM TEMPERATURE (F)   60        43      1962


SUNRISE AND SUNSET
APRIL 22 2018.........SUNRISE   650 AM EDT   SUNSET   759 PM EDT
APRIL 23 2018.........SUNRISE   649 AM EDT   SUNSET   759 PM EDT


-  INDICATES NEGATIVE NUMBERS.
R  INDICATES RECORD WAS SET OR TIED.
MM INDICATES DATA IS MISSING.
T  INDICATES TRACE AMOUNT.




$$
