953
CDUS41 KBGM 220224
CLISYR


CLIMATE REPORT
NATIONAL WEATHER SERVICE BINGHAMTON NY
1024 PM EDT MON MAY 21 2018


...................................

...THE SYRACUSE NY CLIMATE SUMMARY FOR MAY 21 2018...
VALID AS OF 1000 PM LOCAL TIME.

CLIMATE NORMAL PERIOD 1981 TO 2010
CLIMATE RECORD PERIOD 1902 TO 2018


WEATHER ITEM   OBSERVED TIME   RECORD YEAR NORMAL DEPARTURE LAST
                VALUE   (LST)  VALUE       VALUE  FROM      YEAR
                                                  NORMAL
..................................................................
TEMPERATURE (F)
 TODAY
  MAXIMUM         75    533 PM  96    1977  70      5       70
  MINIMUM         44    451 AM  33    1906  48     -4       49
  AVERAGE         60                        59      1       60

PRECIPITATION (IN)
  TODAY            0.00          1.11 1947   0.11  -0.11     0.39
  MONTH TO DATE    1.37                      2.13  -0.76     3.67
  SINCE MAR 1      7.71                      8.27  -0.56    12.47
  SINCE JAN 1     13.78                     12.84   0.94    19.05

SNOWFALL (IN)
  TODAY            0.0           T    2006   0.0    0.0      0.0
  MONTH TO DATE    0.0                       0.1   -0.1      0.0
  SINCE MAR 1     46.1                      21.9   24.2     31.2
  SINCE JUL 1    153.6                     123.8   29.8    134.9
  SNOW DEPTH       0

DEGREE DAYS
 HEATING
  TODAY            5                         7     -2        5
  MONTH TO DATE  115                       199    -84      263
  SINCE MAR 1   1921                      1703    218     1761
  SINCE JUL 1   6588                      6534     54     6030

 COOLING
  TODAY            0                         1     -1        0
  MONTH TO DATE   14                        11      3       18
  SINCE MAR 1     14                        15     -1       30
  SINCE JAN 1     14                        15     -1       30
..................................................................


WIND (MPH)
  HIGHEST WIND SPEED    10   HIGHEST WIND DIRECTION    SW (230)
  HIGHEST GUST SPEED    14   HIGHEST GUST DIRECTION     W (260)
  AVERAGE WIND SPEED     3.6


SKY COVER
  POSSIBLE SUNSHINE  MM
  AVERAGE SKY COVER 0.4


WEATHER CONDITIONS
 THE FOLLOWING WEATHER WAS RECORDED TODAY.
  FOG


RELATIVE HUMIDITY (PERCENT)
 HIGHEST   100          1200 AM
 LOWEST     35           300 PM
 AVERAGE    68

..........................................................


THE SYRACUSE NY CLIMATE NORMALS FOR TOMORROW
                         NORMAL    RECORD    YEAR
 MAXIMUM TEMPERATURE (F)   71        92      1911
 MINIMUM TEMPERATURE (F)   48        35      1990
                                             1967


SUNRISE AND SUNSET
MAY 21 2018...........SUNRISE   535 AM EDT   SUNSET   827 PM EDT
MAY 22 2018...........SUNRISE   534 AM EDT   SUNSET   828 PM EDT


-  INDICATES NEGATIVE NUMBERS.
R  INDICATES RECORD WAS SET OR TIED.
MM INDICATES DATA IS MISSING.
T  INDICATES TRACE AMOUNT.




$$
