000
CDUS45 KPUB 271047
CLITAD


CLIMATE REPORT
NATIONAL WEATHER SERVICE PUEBLO
447 AM MDT SUN MAY 27 2018


...................................

...THE TRINIDAD CO CLIMATE SUMMARY FOR MAY 26 2018...

CLIMATE NORMAL PERIOD 1981 TO 2010
CLIMATE RECORD PERIOD 9999 TO 9999


WEATHER ITEM   OBSERVED TIME   NORMAL DEPARTURE LAST
                VALUE   (LST)  VALUE  FROM      YEAR
                                      NORMAL
......................................................
TEMPERATURE (F)
 YESTERDAY
  MAXIMUM         93   1258 PM  78     15       81
  MINIMUM         51    449 AM  47      4       42
  AVERAGE         72            62     10       62

PRECIPITATION (IN)
  YESTERDAY        0.00          0.06  -0.06     0.00
  MONTH TO DATE    0.94          1.31  -0.37     2.27
  SINCE MAR 1      1.87          3.33  -1.46     6.59
  SINCE JAN 1      2.29          4.22  -1.93     8.15

DEGREE DAYS
 HEATING
  YESTERDAY        0             4     -4        3
  MONTH TO DATE   76           186   -110      229
  SINCE MAR 1   1106          1354   -248     1115
  SINCE JUL 1   4630          5476   -846     4571

 COOLING
  YESTERDAY        7             1      6        0
  MONTH TO DATE   57            15     42       12
  SINCE MAR 1     61            17     44       15
  SINCE JAN 1     61            17     44       15
......................................................


WIND (MPH)
  HIGHEST WIND SPEED    29   HIGHEST WIND DIRECTION     S (180)
  HIGHEST GUST SPEED    42   HIGHEST GUST DIRECTION     S (200)
  AVERAGE WIND SPEED    11.8


SKY COVER
  POSSIBLE SUNSHINE  MM
  AVERAGE SKY COVER 0.0


WEATHER CONDITIONS
 THE FOLLOWING WEATHER WAS RECORDED YESTERDAY.
  NO SIGNIFICANT WEATHER WAS OBSERVED.


RELATIVE HUMIDITY (PERCENT)
 HIGHEST    41           500 AM
 LOWEST      5          1200 PM
 AVERAGE    23

..........................................................




SUNRISE AND SUNSET
MAY 27 2018...........SUNRISE   541 AM MDT   SUNSET   809 PM MDT
MAY 28 2018...........SUNRISE   540 AM MDT   SUNSET   809 PM MDT


-  INDICATES NEGATIVE NUMBERS.
R  INDICATES RECORD WAS SET OR TIED.
MM INDICATES DATA IS MISSING.
T  INDICATES TRACE AMOUNT.




$$
