000
CDUS42 KTAE 240637
CLITLH


CLIMATE REPORT
NATIONAL WEATHER SERVICE TALLAHASSEE FL
236 AM EDT THU MAY 24 2018


...................................

...THE TALLAHASSEE CLIMATE SUMMARY FOR MAY 23 2018...

CLIMATE NORMAL PERIOD 1981 TO 2010
CLIMATE RECORD PERIOD 1896 TO 2018


WEATHER ITEM   OBSERVED TIME   RECORD YEAR NORMAL DEPARTURE LAST
                VALUE   (LST)  VALUE       VALUE  FROM      YEAR
                                                  NORMAL
..................................................................
TEMPERATURE (F)
 YESTERDAY
  MAXIMUM         85    300 PM  99    1996  89     -4       84
                                      1948
  MINIMUM         71    620 AM  48    1993  64      7       72
  AVERAGE         78                        76      2       78

PRECIPITATION (IN)
  YESTERDAY        0.78          3.02 1976   0.13   0.65     0.58
  MONTH TO DATE    4.12                      2.26   1.86     3.98
  SINCE MAR 1     14.69                     11.26   3.43     8.34
  SINCE JAN 1     20.62                     20.45   0.17    18.27

SNOWFALL (IN)
  YESTERDAY        0.0                       0.0    0.0

DEGREE DAYS
 HEATING
  YESTERDAY        0                                0
  MONTH TO DATE    0                               -3
  SINCE MAR 1    252                                2
  SINCE JUL 1   1331                             -262

 COOLING
  YESTERDAY       13                                2
  MONTH TO DATE  269                               74
  SINCE MAR 1    387                               53
  SINCE JAN 1    469                              121
..................................................................


WIND (MPH)
  HIGHEST WIND SPEED    25   HIGHEST WIND DIRECTION    NW (300)
  HIGHEST GUST SPEED    30   HIGHEST GUST DIRECTION    NW (300)
  AVERAGE WIND SPEED     4.5




RELATIVE HUMIDITY (PERCENT)
 HIGHEST    94
 LOWEST     65
 AVERAGE    80

..........................................................


THE TALLAHASSEE CLIMATE NORMALS FOR TODAY
                         NORMAL    RECORD    YEAR
 MAXIMUM TEMPERATURE (F)   89       100      1941
 MINIMUM TEMPERATURE (F)   64        52      2001
                                             1892


SUNRISE AND SUNSET
MAY 24 2018...........SUNRISE   639 AM EDT   SUNSET   830 PM EDT
MAY 25 2018...........SUNRISE   638 AM EDT   SUNSET   831 PM EDT


-  INDICATES NEGATIVE NUMBERS.
R  INDICATES RECORD WAS SET OR TIED.
MM INDICATES DATA IS MISSING.
T  INDICATES TRACE AMOUNT.




$$
